{"id":340,"date":"2025-02-07T15:20:47","date_gmt":"2025-02-07T14:20:47","guid":{"rendered":"https:\/\/www.futur.ugsel-finistere.org\/futur.ugsel-finistere.org\/?page_id=340"},"modified":"2026-04-01T13:57:21","modified_gmt":"2026-04-01T11:57:21","slug":"1d_materiel","status":"publish","type":"page","link":"https:\/\/ugsel-finistere.org\/index.php\/1d_materiel\/","title":{"rendered":"1D_mat\u00e9riel"},"content":{"rendered":"\n<section id=\"wp-block-themeisle-blocks-advanced-columns-e0e1ab2e\" class=\"wp-block-themeisle-blocks-advanced-columns alignfull has-2-columns has-desktop-equal-layout has-tablet-equal-layout has-mobile-collapsedRows-layout has-vertical-flex-start ticss-7b5eb70a\"><div class=\"wp-block-themeisle-blocks-advanced-columns-overlay\"><\/div><div class=\"innerblocks-wrap\">\n<div id=\"wp-block-themeisle-blocks-advanced-column-2489d76c\" class=\"wp-block-themeisle-blocks-advanced-column has-light-bg\">\n<h4 id=\"wp-block-themeisle-blocks-advanced-heading-e30ccf77\" class=\"wp-block-themeisle-blocks-advanced-heading wp-block-themeisle-blocks-advanced-heading-e30ccf77\">Souscription volontaire<\/h4>\n\n\n\n<span id=\"wp-block-themeisle-blocks-advanced-heading-01f7ed6b\" class=\"wp-block-themeisle-blocks-advanced-heading wp-block-themeisle-blocks-advanced-heading-01f7ed6b\"><\/span>\n\n\n\n<p id=\"wp-block-themeisle-blocks-advanced-heading-fe18de7e\" class=\"wp-block-themeisle-blocks-advanced-heading wp-block-themeisle-blocks-advanced-heading-fe18de7e\"><em><strong>La souscription volontaire est organis\u00e9e tous les ans. La vente s\u2019effectue par les enfants des \u00e9coles.<\/strong><\/em><\/p>\n\n\n\n<p class=\"has-custom-3-color has-text-color\"><em><br><\/em><strong>Pourquoi ?<\/strong><\/p>\n\n\n\n<p><br>1 carnet regroupe 5 billets \u00e0 0,50 \u20ac le billet, soit 2,50 \u20ac le carnet.<br><br>Pour 1 carnet vendu (2,50 \u20ac) :<br><br><strong>&#8211; 1 tiers reste \u00e0 l\u2019\u00e9cole<\/strong> o\u00f9 l\u2019enfant est scolaris\u00e9 afin de contribuer \u00e0 l\u2019achat de mat\u00e9riel ou autres projets ;<br><strong>&#8211; 1 tiers <\/strong>est utilis\u00e9 pour l\u2019achat des carnets et des lots<br><strong>&#8211; 1 tiers <\/strong>est utilis\u00e9 par l\u2019Ugsel 29 selon les besoins de l\u2019ann\u00e9e en cours et notamment pour l\u2019achat de mat\u00e9riels sportifs utilis\u00e9 pour les \u00e9coles.<br><br><strong>Cette souscription volontaire est n\u00e9cessaire \u00e0 notre association. Le compl\u00e9ment de ressource qu\u2019elle apporte (ainsi qu\u2019\u00e0 l\u2019\u00e9cole) nous permet \u00e9galement de reconduire chaque ann\u00e9e les actions pour la promotion du sport avec nos animateurs sportifs qui interviennent dans les \u00e9coles.<\/strong><br><br><strong>Merci pour votre aide.<\/strong><\/p>\n\n\n\n<p class=\"has-custom-3-color has-text-color has-link-color wp-elements-a644667ab4fb04b27b959d5cc0bb0041\"><em><br><\/em><strong>Les lots :<\/strong><\/p>\n\n\n\n<p class=\"has-custom-2-color has-text-color has-link-color wp-elements-0b69b03582363916365b7009f74ac793\"><em><br><\/em><strong>P<\/strong><strong>our les territoires dont l\u2019\u00e9cole fait partie <\/strong>:<\/p>\n\n\n\n<p><strong>3 territoires du Finist\u00e8re <\/strong>(DDEC) se verront attribuer <strong>un bon d\u2019achat d\u2019une valeur de 800\u20ac<\/strong> en fonction du nombre de carnets vendus par les \u00e9coles du territoire par rapport au nombre d\u2019\u00e9l\u00e8ves en maternelle et en primaire du territoire.<\/p>\n\n\n\n<p class=\"has-custom-2-color has-text-color has-link-color wp-elements-3da9a303ca31854689b1f35fb49ef99e\"><strong>Pour les vendeurs :<\/strong><\/p>\n\n\n\n<p>Autant de gagnants que d\u2019\u00e9l\u00e8ves ayant vendu au moins 10 carnets (2,50\u20ac le carnet). Cette ann\u00e9e, 182 enfants recevront un ballon multisports.<\/p>\n\n\n\n<p class=\"has-custom-2-color has-text-color has-link-color wp-elements-849656bbbcdf07aa633a14145bd2013d\"><strong>Pour les acheteurs :<\/strong> <\/p>\n\n\n\n<p><a href=\"https:\/\/ecbzh-my.sharepoint.com\/:b:\/g\/personal\/ugsel29_enseignement-catholique_bzh\/IQAyDLj3p4ZZRom76MoAurHqARoTkxqLsbTlxkNMr061sXM?e=IFdY4x\" target=\"_blank\" rel=\"noreferrer noopener\">Les r\u00e9sultats du tirage au sort du 26 mars 2026<\/a><\/p>\n\n\n\n<p>Les gagnants recevront un courrier postal.<\/p>\n\n\n\n<div class=\"wp-block-buttons is-vertical is-content-justification-center is-layout-flex wp-container-core-buttons-is-layout-cc3cdef1 wp-block-buttons-is-layout-flex\"><\/div>\n<\/div>\n\n\n\n<div id=\"wp-block-themeisle-blocks-advanced-column-991b18b5\" class=\"wp-block-themeisle-blocks-advanced-column has-light-bg\">\n<h4 id=\"wp-block-themeisle-blocks-advanced-heading-6b0710bb\" class=\"wp-block-themeisle-blocks-advanced-heading wp-block-themeisle-blocks-advanced-heading-6b0710bb\">Commande group\u00e9e de mat\u00e9riel (CASAL SPORT)<\/h4>\n\n\n\n<span id=\"wp-block-themeisle-blocks-advanced-heading-0076e239\" class=\"wp-block-themeisle-blocks-advanced-heading wp-block-themeisle-blocks-advanced-heading-0076e239\"><\/span>\n\n\n\n<p id=\"wp-block-themeisle-blocks-advanced-heading-36b869e4\" class=\"wp-block-themeisle-blocks-advanced-heading wp-block-themeisle-blocks-advanced-heading-36b869e4 has-light-bg\"><strong>Une s\u00e9lection de produits \u00e0 tarifs pr\u00e9f\u00e9rentiels<br><em>(du mat\u00e9riel pour les temps d\u2019EPS et de r\u00e9cr\u00e9ation)<\/em><\/strong><\/p>\n\n\n\n<p id=\"wp-block-themeisle-blocks-advanced-heading-5337ba8e\" class=\"wp-block-themeisle-blocks-advanced-heading wp-block-themeisle-blocks-advanced-heading-5337ba8e\"><strong>livr\u00e9s directement dans votre \u00e9tablissement !<\/strong><\/p>\n\n\n\n<p id=\"wp-block-themeisle-blocks-advanced-heading-7bceed4c\" class=\"wp-block-themeisle-blocks-advanced-heading wp-block-themeisle-blocks-advanced-heading-7bceed4c\"><strong>Calendrier:<\/strong><\/p>\n\n\n\n<p><br><strong>Fin ao\u00fbt <\/strong>: proposition communiqu\u00e9e aux \u00e9coles<br><strong>Vendredi 19 d\u00e9cembre 2025<\/strong> : date limite pour passer commande<\/p>\n\n\n\n<p class=\"has-small-font-size\"><strong>Possibilit\u00e9 de livraison avant les vacances de No\u00ebl en fonction des articles command\u00e9s &#8211; Voir directement avec Alexandre Bouchard (coordonn\u00e9es sur le bon de commande)<\/strong><\/p>\n\n\n\n<p class=\"has-custom-1-color has-custom-3-background-color has-text-color has-background has-link-color has-small-font-size wp-elements-d267cf6fcead72e504d2837354133377\"><strong>Remarque : pour compl\u00e9ter le fichier, il faut t\u00e9l\u00e9charger une copie (Acc\u00e9der au bon de commande ci-dessous puis cliquez sur : Fichier &#8211; Cr\u00e9er une Copie &#8211; t\u00e9l\u00e9charger une copie)<\/strong><\/p>\n\n\n\n<div style=\"height:24px\" aria-hidden=\"true\" class=\"wp-block-spacer\"><\/div>\n\n\n\n<p>commande clotur\u00e9e ; prochaine proposition \u00e0 la rentr\u00e9e de septembre 2026.<\/p>\n\n\n\n<div class=\"wp-block-buttons is-vertical is-content-justification-center is-layout-flex wp-container-core-buttons-is-layout-cc3cdef1 wp-block-buttons-is-layout-flex\">\n<div class=\"wp-block-button has-custom-width wp-block-button__width-100 is-style-primary\"><a class=\"wp-block-button__link has-custom-font-size wp-element-button\" style=\"font-size:16px\">Acc\u00e8s au bon de commande<\/a><\/div>\n<\/div>\n<\/div>\n<\/div><\/section>\n","protected":false},"excerpt":{"rendered":"","protected":false},"author":2,"featured_media":314,"parent":0,"menu_order":0,"comment_status":"closed","ping_status":"closed","template":"","meta":{"_tec_requires_first_save":true,"_uag_custom_page_level_css":"","neve_meta_sidebar":"","neve_meta_container":"","neve_meta_enable_content_width":"","neve_meta_content_width":0,"neve_meta_title_alignment":"","neve_meta_author_avatar":"","neve_post_elements_order":"","neve_meta_disable_header":"","neve_meta_disable_footer":"","neve_meta_disable_title":"","_EventAllDay":false,"_EventTimezone":"","_EventStartDate":"","_EventEndDate":"","_EventStartDateUTC":"","_EventEndDateUTC":"","_EventShowMap":false,"_EventShowMapLink":false,"_EventURL":"","_EventCost":"","_EventCostDescription":"","_EventCurrencySymbol":"","_EventCurrencyCode":"","_EventCurrencyPosition":"","_EventDateTimeSeparator":"","_EventTimeRangeSeparator":"","_EventOrganizerID":[],"_EventVenueID":[],"_OrganizerEmail":"","_OrganizerPhone":"","_OrganizerWebsite":"","_VenueAddress":"","_VenueCity":"","_VenueCountry":"","_VenueProvince":"","_VenueState":"","_VenueZip":"","_VenuePhone":"","_VenueURL":"","_VenueStateProvince":"","_VenueLat":"","_VenueLng":"","_VenueShowMap":false,"_VenueShowMapLink":false,"_tribe_blocks_recurrence_rules":"","_tribe_blocks_recurrence_description":"","_tribe_blocks_recurrence_exclusions":"","_themeisle_gutenberg_block_has_review":false,"footnotes":""},"class_list":["post-340","page","type-page","status-publish","has-post-thumbnail","hentry"],"uagb_featured_image_src":{"full":["https:\/\/ugsel-finistere.org\/wp-content\/uploads\/2025\/02\/cd573316-ccb8-46b8-9912-9c90b4ea8d9c.jpg",1024,1024,false],"thumbnail":["https:\/\/ugsel-finistere.org\/wp-content\/uploads\/2025\/02\/cd573316-ccb8-46b8-9912-9c90b4ea8d9c-150x150.jpg",150,150,true],"medium":["https:\/\/ugsel-finistere.org\/wp-content\/uploads\/2025\/02\/cd573316-ccb8-46b8-9912-9c90b4ea8d9c-300x300.jpg",300,300,true],"medium_large":["https:\/\/ugsel-finistere.org\/wp-content\/uploads\/2025\/02\/cd573316-ccb8-46b8-9912-9c90b4ea8d9c-768x768.jpg",768,768,true],"large":["https:\/\/ugsel-finistere.org\/wp-content\/uploads\/2025\/02\/cd573316-ccb8-46b8-9912-9c90b4ea8d9c.jpg",1024,1024,false],"1536x1536":["https:\/\/ugsel-finistere.org\/wp-content\/uploads\/2025\/02\/cd573316-ccb8-46b8-9912-9c90b4ea8d9c.jpg",1024,1024,false],"2048x2048":["https:\/\/ugsel-finistere.org\/wp-content\/uploads\/2025\/02\/cd573316-ccb8-46b8-9912-9c90b4ea8d9c.jpg",1024,1024,false],"neve-blog":["https:\/\/ugsel-finistere.org\/wp-content\/uploads\/2025\/02\/cd573316-ccb8-46b8-9912-9c90b4ea8d9c-930x620.jpg",930,620,true]},"uagb_author_info":{"display_name":"Manue","author_link":"https:\/\/ugsel-finistere.org\/index.php\/author\/manue\/"},"uagb_comment_info":0,"uagb_excerpt":null,"_links":{"self":[{"href":"https:\/\/ugsel-finistere.org\/index.php\/wp-json\/wp\/v2\/pages\/340","targetHints":{"allow":["GET"]}}],"collection":[{"href":"https:\/\/ugsel-finistere.org\/index.php\/wp-json\/wp\/v2\/pages"}],"about":[{"href":"https:\/\/ugsel-finistere.org\/index.php\/wp-json\/wp\/v2\/types\/page"}],"author":[{"embeddable":true,"href":"https:\/\/ugsel-finistere.org\/index.php\/wp-json\/wp\/v2\/users\/2"}],"replies":[{"embeddable":true,"href":"https:\/\/ugsel-finistere.org\/index.php\/wp-json\/wp\/v2\/comments?post=340"}],"version-history":[{"count":13,"href":"https:\/\/ugsel-finistere.org\/index.php\/wp-json\/wp\/v2\/pages\/340\/revisions"}],"predecessor-version":[{"id":6156,"href":"https:\/\/ugsel-finistere.org\/index.php\/wp-json\/wp\/v2\/pages\/340\/revisions\/6156"}],"wp:featuredmedia":[{"embeddable":true,"href":"https:\/\/ugsel-finistere.org\/index.php\/wp-json\/wp\/v2\/media\/314"}],"wp:attachment":[{"href":"https:\/\/ugsel-finistere.org\/index.php\/wp-json\/wp\/v2\/media?parent=340"}],"curies":[{"name":"wp","href":"https:\/\/api.w.org\/{rel}","templated":true}]}}

1D_matériel

<section id="wp-block-themeisle-blocks-advanced-columns-e0e1ab2e" class="wp-block-themeisle-blocks-advanced-columns alignfull has-2-columns has-desktop-equal-layout has-tablet-equal-layout has-mobile-collapsedRows-layout has-vertical-flex-start ticss-7b5eb70a"><div class="wp-block-themeisle-blocks-advanced-columns-overlay"></div><div class="innerblocks-wrap">
<div id="wp-block-themeisle-blocks-advanced-column-2489d76c" class="wp-block-themeisle-blocks-advanced-column has-light-bg">
<h4 id="wp-block-themeisle-blocks-advanced-heading-e30ccf77" class="wp-block-themeisle-blocks-advanced-heading wp-block-themeisle-blocks-advanced-heading-e30ccf77">Souscription volontaire</h4>



<span id="wp-block-themeisle-blocks-advanced-heading-01f7ed6b" class="wp-block-themeisle-blocks-advanced-heading wp-block-themeisle-blocks-advanced-heading-01f7ed6b"></span>



<p id="wp-block-themeisle-blocks-advanced-heading-fe18de7e" class="wp-block-themeisle-blocks-advanced-heading wp-block-themeisle-blocks-advanced-heading-fe18de7e"><em><strong>La souscription volontaire est organisée tous les ans. La vente s’effectue par les enfants des écoles.</strong></em></p>



<p class="has-custom-3-color has-text-color"><em><br></em><strong>Pourquoi ?</strong></p>



<p><br>1 carnet regroupe 5 billets à 0,50 € le billet, soit 2,50 € le carnet.<br><br>Pour 1 carnet vendu (2,50 €) :<br><br><strong>&#8211; 1 tiers reste à l’école</strong> où l’enfant est scolarisé afin de contribuer à l’achat de matériel ou autres projets ;<br><strong>&#8211; 1 tiers </strong>est utilisé pour l’achat des carnets et des lots<br><strong>&#8211; 1 tiers </strong>est utilisé par l’Ugsel 29 selon les besoins de l’année en cours et notamment pour l’achat de matériels sportifs utilisé pour les écoles.<br><br><strong>Cette souscription volontaire est nécessaire à notre association. Le complément de ressource qu’elle apporte (ainsi qu’à l’école) nous permet également de reconduire chaque année les actions pour la promotion du sport avec nos animateurs sportifs qui interviennent dans les écoles.</strong><br><br><strong>Merci pour votre aide.</strong></p>



<p class="has-custom-3-color has-text-color has-link-color wp-elements-a644667ab4fb04b27b959d5cc0bb0041"><em><br></em><strong>Les lots :</strong></p>



<p class="has-custom-2-color has-text-color has-link-color wp-elements-0b69b03582363916365b7009f74ac793"><em><br></em><strong>P</strong><strong>our les territoires dont l’école fait partie </strong>:</p>



<p><strong>3 territoires du Finistère </strong>(DDEC) se verront attribuer <strong>un bon d’achat d’une valeur de 800€</strong> en fonction du nombre de carnets vendus par les écoles du territoire par rapport au nombre d’élèves en maternelle et en primaire du territoire.</p>



<p class="has-custom-2-color has-text-color has-link-color wp-elements-3da9a303ca31854689b1f35fb49ef99e"><strong>Pour les vendeurs :</strong></p>



<p>Autant de gagnants que d’élèves ayant vendu au moins 10 carnets (2,50€ le carnet). Cette année, 182 enfants recevront un ballon multisports.</p>



<p class="has-custom-2-color has-text-color has-link-color wp-elements-849656bbbcdf07aa633a14145bd2013d"><strong>Pour les acheteurs :</strong> </p>



<p><a href="https://ecbzh-my.sharepoint.com/:b:/g/personal/ugsel29_enseignement-catholique_bzh/IQAyDLj3p4ZZRom76MoAurHqARoTkxqLsbTlxkNMr061sXM?e=IFdY4x" target="_blank" rel="noreferrer noopener">Les résultats du tirage au sort du 26 mars 2026</a></p>



<p>Les gagnants recevront un courrier postal.</p>



<div class="wp-block-buttons is-vertical is-content-justification-center is-layout-flex wp-container-core-buttons-is-layout-cc3cdef1 wp-block-buttons-is-layout-flex"></div>
</div>



<div id="wp-block-themeisle-blocks-advanced-column-991b18b5" class="wp-block-themeisle-blocks-advanced-column has-light-bg">
<h4 id="wp-block-themeisle-blocks-advanced-heading-6b0710bb" class="wp-block-themeisle-blocks-advanced-heading wp-block-themeisle-blocks-advanced-heading-6b0710bb">Commande groupée de matériel (CASAL SPORT)</h4>



<span id="wp-block-themeisle-blocks-advanced-heading-0076e239" class="wp-block-themeisle-blocks-advanced-heading wp-block-themeisle-blocks-advanced-heading-0076e239"></span>



<p id="wp-block-themeisle-blocks-advanced-heading-36b869e4" class="wp-block-themeisle-blocks-advanced-heading wp-block-themeisle-blocks-advanced-heading-36b869e4 has-light-bg"><strong>Une sélection de produits à tarifs préférentiels<br><em>(du matériel pour les temps d’EPS et de récréation)</em></strong></p>



<p id="wp-block-themeisle-blocks-advanced-heading-5337ba8e" class="wp-block-themeisle-blocks-advanced-heading wp-block-themeisle-blocks-advanced-heading-5337ba8e"><strong>livrés directement dans votre établissement !</strong></p>



<p id="wp-block-themeisle-blocks-advanced-heading-7bceed4c" class="wp-block-themeisle-blocks-advanced-heading wp-block-themeisle-blocks-advanced-heading-7bceed4c"><strong>Calendrier:</strong></p>



<p><br><strong>Fin août </strong>: proposition communiquée aux écoles<br><strong>Vendredi 19 décembre 2025</strong> : date limite pour passer commande</p>



<p class="has-small-font-size"><strong>Possibilité de livraison avant les vacances de Noël en fonction des articles commandés &#8211; Voir directement avec Alexandre Bouchard (coordonnées sur le bon de commande)</strong></p>



<p class="has-custom-1-color has-custom-3-background-color has-text-color has-background has-link-color has-small-font-size wp-elements-d267cf6fcead72e504d2837354133377"><strong>Remarque : pour compléter le fichier, il faut télécharger une copie (Accéder au bon de commande ci-dessous puis cliquez sur : Fichier &#8211; Créer une Copie &#8211; télécharger une copie)</strong></p>



<div style="height:24px" aria-hidden="true" class="wp-block-spacer"></div>



<p>commande cloturée ; prochaine proposition à la rentrée de septembre 2026.</p>



<div class="wp-block-buttons is-vertical is-content-justification-center is-layout-flex wp-container-core-buttons-is-layout-cc3cdef1 wp-block-buttons-is-layout-flex">
<div class="wp-block-button has-custom-width wp-block-button__width-100 is-style-primary"><a class="wp-block-button__link has-custom-font-size wp-element-button" style="font-size:16px">Accès au bon de commande</a></div>
</div>
</div>
</div></section>
