{"id":347,"date":"2025-02-07T15:28:34","date_gmt":"2025-02-07T14:28:34","guid":{"rendered":"https:\/\/www.futur.ugsel-finistere.org\/futur.ugsel-finistere.org\/?page_id=347"},"modified":"2025-07-03T16:11:11","modified_gmt":"2025-07-03T14:11:11","slug":"sante_psc","status":"publish","type":"page","link":"https:\/\/ugsel-finistere.org\/index.php\/sante_psc\/","title":{"rendered":"Sant\u00e9_PSC"},"content":{"rendered":"\n<section id=\"wp-block-themeisle-blocks-advanced-columns-e0e1ab2e\" class=\"wp-block-themeisle-blocks-advanced-columns alignfull has-2-columns has-desktop-equal-layout has-tablet-equal-layout has-mobile-collapsedRows-layout has-vertical-flex-start ticss-7b5eb70a\"><div class=\"wp-block-themeisle-blocks-advanced-columns-overlay\"><\/div><div class=\"innerblocks-wrap\">\n<div id=\"wp-block-themeisle-blocks-advanced-column-2489d76c\" class=\"wp-block-themeisle-blocks-advanced-column has-light-bg\">\n<h4 id=\"wp-block-themeisle-blocks-advanced-heading-e30ccf77\" class=\"wp-block-themeisle-blocks-advanced-heading wp-block-themeisle-blocks-advanced-heading-e30ccf77\">FORMATION<\/h4>\n\n\n\n<p id=\"wp-block-themeisle-blocks-advanced-heading-fe18de7e\" class=\"wp-block-themeisle-blocks-advanced-heading wp-block-themeisle-blocks-advanced-heading-fe18de7e\"><em>Chaque ann\u00e9e, l\u2019UGSEL 29 organise des formations PSC, \u00e0 destination d\u2019enseignants \/ de personnels Ogec, au niveau des \u00e9tablissements\/territoires qui en font la demande.<\/em><\/p>\n\n\n\n<h4 id=\"wp-block-themeisle-blocks-advanced-heading-01f7ed6b\" class=\"wp-block-themeisle-blocks-advanced-heading wp-block-themeisle-blocks-advanced-heading-01f7ed6b has-dark-bg\">en formation initiale<\/h4>\n\n\n\n<div id=\"wp-block-themeisle-blocks-icon-list-fb8b7e9c\" class=\"wp-block-themeisle-blocks-icon-list\">\n<div id=\"wp-block-themeisle-blocks-icon-list-item-8216d9b3\" class=\"wp-block-themeisle-blocks-icon-list-item\"><i class=\"fas fa-check wp-block-themeisle-blocks-icon-list-item-icon\"><\/i><p class=\"wp-block-themeisle-blocks-icon-list-item-content\">500\u20ac pour 10 personnes<\/p><\/div>\n\n\n\n<div id=\"wp-block-themeisle-blocks-icon-list-item-1c648ab6\" class=\"wp-block-themeisle-blocks-icon-list-item\"><i class=\"fas fa-check wp-block-themeisle-blocks-icon-list-item-icon\"><\/i><p class=\"wp-block-themeisle-blocks-icon-list-item-content\">formation de 7 heures sur une journ\u00e9e ou deux 1\/2 journ\u00e9es, en fonction des disponibilit\u00e9s des \u00e9tablissements et des moniteurs.<\/p><\/div>\n<\/div>\n\n\n\n<h4 id=\"wp-block-themeisle-blocks-advanced-heading-3d3a63de\" class=\"wp-block-themeisle-blocks-advanced-heading wp-block-themeisle-blocks-advanced-heading-3d3a63de has-dark-bg\">en formation continue<\/h4>\n\n\n\n<div id=\"wp-block-themeisle-blocks-icon-list-65308e1e\" class=\"wp-block-themeisle-blocks-icon-list\">\n<div id=\"wp-block-themeisle-blocks-icon-list-item-391f69fa\" class=\"wp-block-themeisle-blocks-icon-list-item\"><i class=\"fas fa-check wp-block-themeisle-blocks-icon-list-item-icon\"><\/i><p class=\"wp-block-themeisle-blocks-icon-list-item-content\">300\u20ac pour 10 personnes<\/p><\/div>\n\n\n\n<div id=\"wp-block-themeisle-blocks-icon-list-item-f0169bec\" class=\"wp-block-themeisle-blocks-icon-list-item\"><i class=\"fas fa-check wp-block-themeisle-blocks-icon-list-item-icon\"><\/i><p class=\"wp-block-themeisle-blocks-icon-list-item-content\">formation de 4 heures<\/p><\/div>\n<\/div>\n\n\n\n<div class=\"wp-block-buttons is-vertical is-content-justification-center is-layout-flex wp-container-core-buttons-is-layout-cc3cdef1 wp-block-buttons-is-layout-flex\">\n<div class=\"wp-block-button has-custom-width wp-block-button__width-100 is-style-primary\"><a class=\"wp-block-button__link has-custom-font-size wp-element-button\" style=\"border-radius:5px;font-size:16px\">Contacter Anne-Claude NEVEU<\/a><\/div>\n<\/div>\n<\/div>\n\n\n\n<div id=\"wp-block-themeisle-blocks-advanced-column-991b18b5\" class=\"wp-block-themeisle-blocks-advanced-column has-light-bg\">\n<h4 id=\"wp-block-themeisle-blocks-advanced-heading-6b0710bb\" class=\"wp-block-themeisle-blocks-advanced-heading wp-block-themeisle-blocks-advanced-heading-6b0710bb\">PREMIERS SECOURS CITOYENS (PSC)<\/h4>\n\n\n\n<span id=\"wp-block-themeisle-blocks-advanced-heading-0076e239\" class=\"wp-block-themeisle-blocks-advanced-heading wp-block-themeisle-blocks-advanced-heading-0076e239\"><\/span>\n\n\n\n<p id=\"wp-block-themeisle-blocks-advanced-heading-36b869e4\" class=\"wp-block-themeisle-blocks-advanced-heading wp-block-themeisle-blocks-advanced-heading-36b869e4\">L\u2019UGSEL (F\u00e9d\u00e9ration Sportive Educative de l\u2019Enseignement Catholique), organisme de formation, a \u00e9t\u00e9 missionn\u00e9e par le Secr\u00e9tariat G\u00e9n\u00e9ral de l\u2019Enseignement Catholique pour organiser des formations PSC (Premiers Secours Citoyens \u2013 apprentissage des gestes qui sauvent, pour agir efficacement face \u00e0 une victime d\u2019accident).<\/p>\n\n\n\n<h6 id=\"wp-block-themeisle-blocks-advanced-heading-03d27b1d\" class=\"wp-block-themeisle-blocks-advanced-heading wp-block-themeisle-blocks-advanced-heading-03d27b1d\"><br>L\u2019Ugsel est \u00e9galement agr\u00e9\u00e9e par le minist\u00e8re de l\u2019int\u00e9rieur pour les formations aux premiers secours par arr\u00eat\u00e9 minist\u00e9riel en date du 29 novembre 2010.<br><br><\/h6>\n\n\n\n<div style=\"height:24px\" aria-hidden=\"true\" class=\"wp-block-spacer\"><\/div>\n\n\n\n<div class=\"wp-block-buttons is-vertical is-content-justification-center is-layout-flex wp-container-core-buttons-is-layout-cc3cdef1 wp-block-buttons-is-layout-flex\"><\/div>\n<\/div>\n<\/div><\/section>\n","protected":false},"excerpt":{"rendered":"","protected":false},"author":2,"featured_media":312,"parent":0,"menu_order":0,"comment_status":"closed","ping_status":"closed","template":"","meta":{"_tec_requires_first_save":true,"_uag_custom_page_level_css":"","neve_meta_sidebar":"","neve_meta_container":"","neve_meta_enable_content_width":"","neve_meta_content_width":0,"neve_meta_title_alignment":"","neve_meta_author_avatar":"","neve_post_elements_order":"","neve_meta_disable_header":"","neve_meta_disable_footer":"","neve_meta_disable_title":"","_EventAllDay":false,"_EventTimezone":"","_EventStartDate":"","_EventEndDate":"","_EventStartDateUTC":"","_EventEndDateUTC":"","_EventShowMap":false,"_EventShowMapLink":false,"_EventURL":"","_EventCost":"","_EventCostDescription":"","_EventCurrencySymbol":"","_EventCurrencyCode":"","_EventCurrencyPosition":"","_EventDateTimeSeparator":"","_EventTimeRangeSeparator":"","_EventOrganizerID":[],"_EventVenueID":[],"_OrganizerEmail":"","_OrganizerPhone":"","_OrganizerWebsite":"","_VenueAddress":"","_VenueCity":"","_VenueCountry":"","_VenueProvince":"","_VenueState":"","_VenueZip":"","_VenuePhone":"","_VenueURL":"","_VenueStateProvince":"","_VenueLat":"","_VenueLng":"","_VenueShowMap":false,"_VenueShowMapLink":false,"_tribe_blocks_recurrence_rules":"","_tribe_blocks_recurrence_description":"","_tribe_blocks_recurrence_exclusions":"","_themeisle_gutenberg_block_has_review":false,"footnotes":""},"class_list":["post-347","page","type-page","status-publish","has-post-thumbnail","hentry"],"uagb_featured_image_src":{"full":["https:\/\/ugsel-finistere.org\/wp-content\/uploads\/2025\/02\/IMG-20240908-WA0010.jpg",1600,1200,false],"thumbnail":["https:\/\/ugsel-finistere.org\/wp-content\/uploads\/2025\/02\/IMG-20240908-WA0010-150x150.jpg",150,150,true],"medium":["https:\/\/ugsel-finistere.org\/wp-content\/uploads\/2025\/02\/IMG-20240908-WA0010-300x225.jpg",300,225,true],"medium_large":["https:\/\/ugsel-finistere.org\/wp-content\/uploads\/2025\/02\/IMG-20240908-WA0010-768x576.jpg",768,576,true],"large":["https:\/\/ugsel-finistere.org\/wp-content\/uploads\/2025\/02\/IMG-20240908-WA0010-1024x768.jpg",1024,768,true],"1536x1536":["https:\/\/ugsel-finistere.org\/wp-content\/uploads\/2025\/02\/IMG-20240908-WA0010-1536x1152.jpg",1536,1152,true],"2048x2048":["https:\/\/ugsel-finistere.org\/wp-content\/uploads\/2025\/02\/IMG-20240908-WA0010.jpg",1600,1200,false],"neve-blog":["https:\/\/ugsel-finistere.org\/wp-content\/uploads\/2025\/02\/IMG-20240908-WA0010-930x620.jpg",930,620,true]},"uagb_author_info":{"display_name":"Manue","author_link":"https:\/\/ugsel-finistere.org\/index.php\/author\/manue\/"},"uagb_comment_info":0,"uagb_excerpt":null,"_links":{"self":[{"href":"https:\/\/ugsel-finistere.org\/index.php\/wp-json\/wp\/v2\/pages\/347","targetHints":{"allow":["GET"]}}],"collection":[{"href":"https:\/\/ugsel-finistere.org\/index.php\/wp-json\/wp\/v2\/pages"}],"about":[{"href":"https:\/\/ugsel-finistere.org\/index.php\/wp-json\/wp\/v2\/types\/page"}],"author":[{"embeddable":true,"href":"https:\/\/ugsel-finistere.org\/index.php\/wp-json\/wp\/v2\/users\/2"}],"replies":[{"embeddable":true,"href":"https:\/\/ugsel-finistere.org\/index.php\/wp-json\/wp\/v2\/comments?post=347"}],"version-history":[{"count":4,"href":"https:\/\/ugsel-finistere.org\/index.php\/wp-json\/wp\/v2\/pages\/347\/revisions"}],"predecessor-version":[{"id":3136,"href":"https:\/\/ugsel-finistere.org\/index.php\/wp-json\/wp\/v2\/pages\/347\/revisions\/3136"}],"wp:featuredmedia":[{"embeddable":true,"href":"https:\/\/ugsel-finistere.org\/index.php\/wp-json\/wp\/v2\/media\/312"}],"wp:attachment":[{"href":"https:\/\/ugsel-finistere.org\/index.php\/wp-json\/wp\/v2\/media?parent=347"}],"curies":[{"name":"wp","href":"https:\/\/api.w.org\/{rel}","templated":true}]}}

Santé_PSC

<section id="wp-block-themeisle-blocks-advanced-columns-e0e1ab2e" class="wp-block-themeisle-blocks-advanced-columns alignfull has-2-columns has-desktop-equal-layout has-tablet-equal-layout has-mobile-collapsedRows-layout has-vertical-flex-start ticss-7b5eb70a"><div class="wp-block-themeisle-blocks-advanced-columns-overlay"></div><div class="innerblocks-wrap">
<div id="wp-block-themeisle-blocks-advanced-column-2489d76c" class="wp-block-themeisle-blocks-advanced-column has-light-bg">
<h4 id="wp-block-themeisle-blocks-advanced-heading-e30ccf77" class="wp-block-themeisle-blocks-advanced-heading wp-block-themeisle-blocks-advanced-heading-e30ccf77">FORMATION</h4>



<p id="wp-block-themeisle-blocks-advanced-heading-fe18de7e" class="wp-block-themeisle-blocks-advanced-heading wp-block-themeisle-blocks-advanced-heading-fe18de7e"><em>Chaque année, l’UGSEL 29 organise des formations PSC, à destination d’enseignants / de personnels Ogec, au niveau des établissements/territoires qui en font la demande.</em></p>



<h4 id="wp-block-themeisle-blocks-advanced-heading-01f7ed6b" class="wp-block-themeisle-blocks-advanced-heading wp-block-themeisle-blocks-advanced-heading-01f7ed6b has-dark-bg">en formation initiale</h4>



<div id="wp-block-themeisle-blocks-icon-list-fb8b7e9c" class="wp-block-themeisle-blocks-icon-list">
<div id="wp-block-themeisle-blocks-icon-list-item-8216d9b3" class="wp-block-themeisle-blocks-icon-list-item"><i class="fas fa-check wp-block-themeisle-blocks-icon-list-item-icon"></i><p class="wp-block-themeisle-blocks-icon-list-item-content">500€ pour 10 personnes</p></div>



<div id="wp-block-themeisle-blocks-icon-list-item-1c648ab6" class="wp-block-themeisle-blocks-icon-list-item"><i class="fas fa-check wp-block-themeisle-blocks-icon-list-item-icon"></i><p class="wp-block-themeisle-blocks-icon-list-item-content">formation de 7 heures sur une journée ou deux 1/2 journées, en fonction des disponibilités des établissements et des moniteurs.</p></div>
</div>



<h4 id="wp-block-themeisle-blocks-advanced-heading-3d3a63de" class="wp-block-themeisle-blocks-advanced-heading wp-block-themeisle-blocks-advanced-heading-3d3a63de has-dark-bg">en formation continue</h4>



<div id="wp-block-themeisle-blocks-icon-list-65308e1e" class="wp-block-themeisle-blocks-icon-list">
<div id="wp-block-themeisle-blocks-icon-list-item-391f69fa" class="wp-block-themeisle-blocks-icon-list-item"><i class="fas fa-check wp-block-themeisle-blocks-icon-list-item-icon"></i><p class="wp-block-themeisle-blocks-icon-list-item-content">300€ pour 10 personnes</p></div>



<div id="wp-block-themeisle-blocks-icon-list-item-f0169bec" class="wp-block-themeisle-blocks-icon-list-item"><i class="fas fa-check wp-block-themeisle-blocks-icon-list-item-icon"></i><p class="wp-block-themeisle-blocks-icon-list-item-content">formation de 4 heures</p></div>
</div>



<div class="wp-block-buttons is-vertical is-content-justification-center is-layout-flex wp-container-core-buttons-is-layout-cc3cdef1 wp-block-buttons-is-layout-flex">
<div class="wp-block-button has-custom-width wp-block-button__width-100 is-style-primary"><a class="wp-block-button__link has-custom-font-size wp-element-button" style="border-radius:5px;font-size:16px">Contacter Anne-Claude NEVEU</a></div>
</div>
</div>



<div id="wp-block-themeisle-blocks-advanced-column-991b18b5" class="wp-block-themeisle-blocks-advanced-column has-light-bg">
<h4 id="wp-block-themeisle-blocks-advanced-heading-6b0710bb" class="wp-block-themeisle-blocks-advanced-heading wp-block-themeisle-blocks-advanced-heading-6b0710bb">PREMIERS SECOURS CITOYENS (PSC)</h4>



<span id="wp-block-themeisle-blocks-advanced-heading-0076e239" class="wp-block-themeisle-blocks-advanced-heading wp-block-themeisle-blocks-advanced-heading-0076e239"></span>



<p id="wp-block-themeisle-blocks-advanced-heading-36b869e4" class="wp-block-themeisle-blocks-advanced-heading wp-block-themeisle-blocks-advanced-heading-36b869e4">L’UGSEL (Fédération Sportive Educative de l’Enseignement Catholique), organisme de formation, a été missionnée par le Secrétariat Général de l’Enseignement Catholique pour organiser des formations PSC (Premiers Secours Citoyens – apprentissage des gestes qui sauvent, pour agir efficacement face à une victime d’accident).</p>



<h6 id="wp-block-themeisle-blocks-advanced-heading-03d27b1d" class="wp-block-themeisle-blocks-advanced-heading wp-block-themeisle-blocks-advanced-heading-03d27b1d"><br>L’Ugsel est également agréée par le ministère de l’intérieur pour les formations aux premiers secours par arrêté ministériel en date du 29 novembre 2010.<br><br></h6>



<div style="height:24px" aria-hidden="true" class="wp-block-spacer"></div>



<div class="wp-block-buttons is-vertical is-content-justification-center is-layout-flex wp-container-core-buttons-is-layout-cc3cdef1 wp-block-buttons-is-layout-flex"></div>
</div>
</div></section>
