{"id":349,"date":"2025-02-07T15:29:15","date_gmt":"2025-02-07T14:29:15","guid":{"rendered":"https:\/\/www.futur.ugsel-finistere.org\/futur.ugsel-finistere.org\/?page_id=349"},"modified":"2026-01-15T15:05:15","modified_gmt":"2026-01-15T14:05:15","slug":"sante_aps","status":"publish","type":"page","link":"https:\/\/ugsel-finistere.org\/index.php\/sante_aps\/","title":{"rendered":"Sant\u00e9_APS"},"content":{"rendered":"\n<section id=\"wp-block-themeisle-blocks-advanced-columns-e0e1ab2e\" class=\"wp-block-themeisle-blocks-advanced-columns alignfull has-3-columns has-desktop-oneThreeOne-layout has-tablet-equal-layout has-mobile-collapsedRows-layout has-vertical-flex-start ticss-7b5eb70a\"><div class=\"wp-block-themeisle-blocks-advanced-columns-overlay\"><\/div><div class=\"innerblocks-wrap\">\n<div id=\"wp-block-themeisle-blocks-advanced-column-2489d76c\" class=\"wp-block-themeisle-blocks-advanced-column has-light-bg\">\n<h4 id=\"wp-block-themeisle-blocks-advanced-heading-e30ccf77\" class=\"wp-block-themeisle-blocks-advanced-heading wp-block-themeisle-blocks-advanced-heading-e30ccf77\">Animation aupr\u00e8s des enseignants<\/h4>\n\n\n\n<span id=\"wp-block-themeisle-blocks-advanced-heading-01f7ed6b\" class=\"wp-block-themeisle-blocks-advanced-heading wp-block-themeisle-blocks-advanced-heading-01f7ed6b\"><\/span>\n\n\n\n<p id=\"wp-block-themeisle-blocks-advanced-heading-fe18de7e\" class=\"wp-block-themeisle-blocks-advanced-heading wp-block-themeisle-blocks-advanced-heading-fe18de7e\"><em><em>Animation p\u00e9dagogique et didactique : connaitre et comprendre les enjeux de l&rsquo;APS afin d&rsquo;int\u00e9grer son enseignement dans un projet interdisciplinaire du cycle 1 au cycle 3.<\/em><\/em><\/p>\n\n\n\n<div id=\"wp-block-themeisle-blocks-icon-list-fb8b7e9c\" class=\"wp-block-themeisle-blocks-icon-list\">\n<div id=\"wp-block-themeisle-blocks-icon-list-item-f341b063\" class=\"wp-block-themeisle-blocks-icon-list-item\"><i class=\"fas fa-check wp-block-themeisle-blocks-icon-list-item-icon\"><\/i><p class=\"wp-block-themeisle-blocks-icon-list-item-content\">4 heures<\/p><\/div>\n\n\n\n<div id=\"wp-block-themeisle-blocks-icon-list-item-78a49dfc\" class=\"wp-block-themeisle-blocks-icon-list-item\"><i class=\"fas fa-check wp-block-themeisle-blocks-icon-list-item-icon\"><\/i><p class=\"wp-block-themeisle-blocks-icon-list-item-content\">animation gratuite<\/p><\/div>\n\n\n\n<div id=\"wp-block-themeisle-blocks-icon-list-item-8216d9b3\" class=\"wp-block-themeisle-blocks-icon-list-item\"><i class=\"fas fa-check wp-block-themeisle-blocks-icon-list-item-icon\"><\/i><p class=\"wp-block-themeisle-blocks-icon-list-item-content\">ressources payantes<\/p><\/div>\n<\/div>\n\n\n\n<div style=\"height:24px\" aria-hidden=\"true\" class=\"wp-block-spacer\"><\/div>\n\n\n\n<div class=\"wp-block-buttons is-vertical is-content-justification-center is-layout-flex wp-container-core-buttons-is-layout-0b38e093 wp-block-buttons-is-layout-flex\">\n<div class=\"wp-block-button has-custom-width wp-block-button__width-100 is-style-primary\"><a class=\"wp-block-button__link has-text-align-center has-custom-font-size wp-element-button\" href=\"https:\/\/forms.office.com\/e\/aT5TPCuha9\" style=\"border-radius:5px;font-size:16px\">Formulaire de demande<\/a><\/div>\n<\/div>\n<\/div>\n\n\n\n<div id=\"wp-block-themeisle-blocks-advanced-column-991b18b5\" class=\"wp-block-themeisle-blocks-advanced-column has-light-bg\">\n<h4 id=\"wp-block-themeisle-blocks-advanced-heading-c1a3ce96\" class=\"wp-block-themeisle-blocks-advanced-heading wp-block-themeisle-blocks-advanced-heading-c1a3ce96\">APPRENDRE A PORTER SECOURS<\/h4>\n\n\n\n<p id=\"wp-block-themeisle-blocks-advanced-heading-36b869e4\" class=\"wp-block-themeisle-blocks-advanced-heading wp-block-themeisle-blocks-advanced-heading-36b869e4\"><strong>Dans la cha\u00eene des secours<\/strong>, dont l\u2019organisation est globalement performante en France<strong>, un maillon demeure fragile&nbsp;: celui qui concerne&nbsp;<em>\u00ab l\u2019alerte et les gestes d\u2019attente \u00bb.<\/em><\/strong><\/p>\n\n\n\n<h5 id=\"wp-block-themeisle-blocks-advanced-heading-78b77747\" class=\"wp-block-themeisle-blocks-advanced-heading wp-block-themeisle-blocks-advanced-heading-78b77747\">D\u00e8s la maternelle, L\u2019\u00c9cole, qui forme des citoyens, a pour mission de permettre aux \u00e9l\u00e8ves d\u2019acqu\u00e9rir et de d\u00e9velopper des comp\u00e9tences et des comportements permettant de porter secours.<br>Tels sont les enjeux de l\u2019animation p\u00e9dagogique Apprendre \u00e0 Porter Secours (4 heures), propos\u00e9e par l\u2019UGSEL 29, \u00e0 destination des enseignants du dioc\u00e8se.<\/h5>\n\n\n\n<p class=\"has-text-align-center has-custom-4-color has-text-color has-link-color wp-elements-320f6cfcd9eb99cd8c0b9c36e866067d\"><br><strong><em>\u00ab Animation Apprendre \u00e0 Porter Secours&nbsp;: que dois-je aborder avec mes \u00e9l\u00e8ves et comment le faire&nbsp;?&nbsp;\u00bb<\/em><\/strong><\/p>\n\n\n\n<h5 id=\"wp-block-themeisle-blocks-advanced-heading-e11fdbc5\" class=\"wp-block-themeisle-blocks-advanced-heading wp-block-themeisle-blocks-advanced-heading-e11fdbc5\">M\u00ealant temps d\u2019apports et temps de mises en situation,&nbsp;<strong>cette animation a pour objectif d\u2019apporter, aux enseignants de la maternelle au CM2, des ressources p\u00e9dagogiques relatives aux 4 grands domaines d\u2019<em>Apprendre \u00e0 porter Secours&nbsp;(PR\u00c9VENTION,&nbsp;PROTECTION,&nbsp;ALERTE,&nbsp;INTERVENTION)&nbsp;<\/em><\/strong>pour qu\u2019ils puissent plus facilement aborder, avec leurs \u00e9l\u00e8ves, cette th\u00e9matique qui d\u00e9passe largement le cadre scolaire&nbsp;!<\/h5>\n\n\n\n<h5 id=\"wp-block-themeisle-blocks-advanced-heading-887377ce\" class=\"wp-block-themeisle-blocks-advanced-heading wp-block-themeisle-blocks-advanced-heading-887377ce\">IMPORTANT&nbsp;: la formation dipl\u00f4mante PSC (apprentissage des gestes qui sauvent \u2013 \u00e0 destination de tous les citoyens) et l\u2019animation p\u00e9dagogique APS (uniquement \u00e0 destination des enseignants) \u00e9tant compl\u00e9mentaires, nous invitons tous les enseignants \u00e0 suivre les deux&nbsp;!<\/h5>\n<\/div>\n\n\n<\/div><\/section>\n\n\n\n<p><\/p>\n","protected":false},"excerpt":{"rendered":"","protected":false},"author":2,"featured_media":312,"parent":0,"menu_order":0,"comment_status":"closed","ping_status":"closed","template":"","meta":{"_tec_requires_first_save":true,"_uag_custom_page_level_css":"","neve_meta_sidebar":"","neve_meta_container":"","neve_meta_enable_content_width":"","neve_meta_content_width":0,"neve_meta_title_alignment":"","neve_meta_author_avatar":"","neve_post_elements_order":"","neve_meta_disable_header":"","neve_meta_disable_footer":"","neve_meta_disable_title":"","_EventAllDay":false,"_EventTimezone":"","_EventStartDate":"","_EventEndDate":"","_EventStartDateUTC":"","_EventEndDateUTC":"","_EventShowMap":false,"_EventShowMapLink":false,"_EventURL":"","_EventCost":"","_EventCostDescription":"","_EventCurrencySymbol":"","_EventCurrencyCode":"","_EventCurrencyPosition":"","_EventDateTimeSeparator":"","_EventTimeRangeSeparator":"","_EventOrganizerID":[],"_EventVenueID":[],"_OrganizerEmail":"","_OrganizerPhone":"","_OrganizerWebsite":"","_VenueAddress":"","_VenueCity":"","_VenueCountry":"","_VenueProvince":"","_VenueState":"","_VenueZip":"","_VenuePhone":"","_VenueURL":"","_VenueStateProvince":"","_VenueLat":"","_VenueLng":"","_VenueShowMap":false,"_VenueShowMapLink":false,"_tribe_blocks_recurrence_rules":"","_tribe_blocks_recurrence_description":"","_tribe_blocks_recurrence_exclusions":"","_themeisle_gutenberg_block_has_review":false,"footnotes":""},"class_list":["post-349","page","type-page","status-publish","has-post-thumbnail","hentry"],"uagb_featured_image_src":{"full":["https:\/\/ugsel-finistere.org\/wp-content\/uploads\/2025\/02\/IMG-20240908-WA0010.jpg",1600,1200,false],"thumbnail":["https:\/\/ugsel-finistere.org\/wp-content\/uploads\/2025\/02\/IMG-20240908-WA0010-150x150.jpg",150,150,true],"medium":["https:\/\/ugsel-finistere.org\/wp-content\/uploads\/2025\/02\/IMG-20240908-WA0010-300x225.jpg",300,225,true],"medium_large":["https:\/\/ugsel-finistere.org\/wp-content\/uploads\/2025\/02\/IMG-20240908-WA0010-768x576.jpg",768,576,true],"large":["https:\/\/ugsel-finistere.org\/wp-content\/uploads\/2025\/02\/IMG-20240908-WA0010-1024x768.jpg",1024,768,true],"1536x1536":["https:\/\/ugsel-finistere.org\/wp-content\/uploads\/2025\/02\/IMG-20240908-WA0010-1536x1152.jpg",1536,1152,true],"2048x2048":["https:\/\/ugsel-finistere.org\/wp-content\/uploads\/2025\/02\/IMG-20240908-WA0010.jpg",1600,1200,false],"neve-blog":["https:\/\/ugsel-finistere.org\/wp-content\/uploads\/2025\/02\/IMG-20240908-WA0010-930x620.jpg",930,620,true]},"uagb_author_info":{"display_name":"Manue","author_link":"https:\/\/ugsel-finistere.org\/index.php\/author\/manue\/"},"uagb_comment_info":0,"uagb_excerpt":null,"_links":{"self":[{"href":"https:\/\/ugsel-finistere.org\/index.php\/wp-json\/wp\/v2\/pages\/349","targetHints":{"allow":["GET"]}}],"collection":[{"href":"https:\/\/ugsel-finistere.org\/index.php\/wp-json\/wp\/v2\/pages"}],"about":[{"href":"https:\/\/ugsel-finistere.org\/index.php\/wp-json\/wp\/v2\/types\/page"}],"author":[{"embeddable":true,"href":"https:\/\/ugsel-finistere.org\/index.php\/wp-json\/wp\/v2\/users\/2"}],"replies":[{"embeddable":true,"href":"https:\/\/ugsel-finistere.org\/index.php\/wp-json\/wp\/v2\/comments?post=349"}],"version-history":[{"count":39,"href":"https:\/\/ugsel-finistere.org\/index.php\/wp-json\/wp\/v2\/pages\/349\/revisions"}],"predecessor-version":[{"id":5373,"href":"https:\/\/ugsel-finistere.org\/index.php\/wp-json\/wp\/v2\/pages\/349\/revisions\/5373"}],"wp:featuredmedia":[{"embeddable":true,"href":"https:\/\/ugsel-finistere.org\/index.php\/wp-json\/wp\/v2\/media\/312"}],"wp:attachment":[{"href":"https:\/\/ugsel-finistere.org\/index.php\/wp-json\/wp\/v2\/media?parent=349"}],"curies":[{"name":"wp","href":"https:\/\/api.w.org\/{rel}","templated":true}]}}

Santé_APS

<section id="wp-block-themeisle-blocks-advanced-columns-e0e1ab2e" class="wp-block-themeisle-blocks-advanced-columns alignfull has-3-columns has-desktop-oneThreeOne-layout has-tablet-equal-layout has-mobile-collapsedRows-layout has-vertical-flex-start ticss-7b5eb70a"><div class="wp-block-themeisle-blocks-advanced-columns-overlay"></div><div class="innerblocks-wrap">
<div id="wp-block-themeisle-blocks-advanced-column-2489d76c" class="wp-block-themeisle-blocks-advanced-column has-light-bg">
<h4 id="wp-block-themeisle-blocks-advanced-heading-e30ccf77" class="wp-block-themeisle-blocks-advanced-heading wp-block-themeisle-blocks-advanced-heading-e30ccf77">Animation auprès des enseignants</h4>



<span id="wp-block-themeisle-blocks-advanced-heading-01f7ed6b" class="wp-block-themeisle-blocks-advanced-heading wp-block-themeisle-blocks-advanced-heading-01f7ed6b"></span>



<p id="wp-block-themeisle-blocks-advanced-heading-fe18de7e" class="wp-block-themeisle-blocks-advanced-heading wp-block-themeisle-blocks-advanced-heading-fe18de7e"><em><em>Animation pédagogique et didactique : connaitre et comprendre les enjeux de l&rsquo;APS afin d&rsquo;intégrer son enseignement dans un projet interdisciplinaire du cycle 1 au cycle 3.</em></em></p>



<div id="wp-block-themeisle-blocks-icon-list-fb8b7e9c" class="wp-block-themeisle-blocks-icon-list">
<div id="wp-block-themeisle-blocks-icon-list-item-f341b063" class="wp-block-themeisle-blocks-icon-list-item"><i class="fas fa-check wp-block-themeisle-blocks-icon-list-item-icon"></i><p class="wp-block-themeisle-blocks-icon-list-item-content">4 heures</p></div>



<div id="wp-block-themeisle-blocks-icon-list-item-78a49dfc" class="wp-block-themeisle-blocks-icon-list-item"><i class="fas fa-check wp-block-themeisle-blocks-icon-list-item-icon"></i><p class="wp-block-themeisle-blocks-icon-list-item-content">animation gratuite</p></div>



<div id="wp-block-themeisle-blocks-icon-list-item-8216d9b3" class="wp-block-themeisle-blocks-icon-list-item"><i class="fas fa-check wp-block-themeisle-blocks-icon-list-item-icon"></i><p class="wp-block-themeisle-blocks-icon-list-item-content">ressources payantes</p></div>
</div>



<div style="height:24px" aria-hidden="true" class="wp-block-spacer"></div>



<div class="wp-block-buttons is-vertical is-content-justification-center is-layout-flex wp-container-core-buttons-is-layout-0b38e093 wp-block-buttons-is-layout-flex">
<div class="wp-block-button has-custom-width wp-block-button__width-100 is-style-primary"><a class="wp-block-button__link has-text-align-center has-custom-font-size wp-element-button" href="https://forms.office.com/e/aT5TPCuha9" style="border-radius:5px;font-size:16px">Formulaire de demande</a></div>
</div>
</div>



<div id="wp-block-themeisle-blocks-advanced-column-991b18b5" class="wp-block-themeisle-blocks-advanced-column has-light-bg">
<h4 id="wp-block-themeisle-blocks-advanced-heading-c1a3ce96" class="wp-block-themeisle-blocks-advanced-heading wp-block-themeisle-blocks-advanced-heading-c1a3ce96">APPRENDRE A PORTER SECOURS</h4>



<p id="wp-block-themeisle-blocks-advanced-heading-36b869e4" class="wp-block-themeisle-blocks-advanced-heading wp-block-themeisle-blocks-advanced-heading-36b869e4"><strong>Dans la chaîne des secours</strong>, dont l’organisation est globalement performante en France<strong>, un maillon demeure fragile&nbsp;: celui qui concerne&nbsp;<em>« l’alerte et les gestes d’attente ».</em></strong></p>



<h5 id="wp-block-themeisle-blocks-advanced-heading-78b77747" class="wp-block-themeisle-blocks-advanced-heading wp-block-themeisle-blocks-advanced-heading-78b77747">Dès la maternelle, L’École, qui forme des citoyens, a pour mission de permettre aux élèves d’acquérir et de développer des compétences et des comportements permettant de porter secours.<br>Tels sont les enjeux de l’animation pédagogique Apprendre à Porter Secours (4 heures), proposée par l’UGSEL 29, à destination des enseignants du diocèse.</h5>



<p class="has-text-align-center has-custom-4-color has-text-color has-link-color wp-elements-320f6cfcd9eb99cd8c0b9c36e866067d"><br><strong><em>« Animation Apprendre à Porter Secours&nbsp;: que dois-je aborder avec mes élèves et comment le faire&nbsp;?&nbsp;»</em></strong></p>



<h5 id="wp-block-themeisle-blocks-advanced-heading-e11fdbc5" class="wp-block-themeisle-blocks-advanced-heading wp-block-themeisle-blocks-advanced-heading-e11fdbc5">Mêlant temps d’apports et temps de mises en situation,&nbsp;<strong>cette animation a pour objectif d’apporter, aux enseignants de la maternelle au CM2, des ressources pédagogiques relatives aux 4 grands domaines d’<em>Apprendre à porter Secours&nbsp;(PRÉVENTION,&nbsp;PROTECTION,&nbsp;ALERTE,&nbsp;INTERVENTION)&nbsp;</em></strong>pour qu’ils puissent plus facilement aborder, avec leurs élèves, cette thématique qui dépasse largement le cadre scolaire&nbsp;!</h5>



<h5 id="wp-block-themeisle-blocks-advanced-heading-887377ce" class="wp-block-themeisle-blocks-advanced-heading wp-block-themeisle-blocks-advanced-heading-887377ce">IMPORTANT&nbsp;: la formation diplômante PSC (apprentissage des gestes qui sauvent – à destination de tous les citoyens) et l’animation pédagogique APS (uniquement à destination des enseignants) étant complémentaires, nous invitons tous les enseignants à suivre les deux&nbsp;!</h5>
</div>


</div></section>



<p></p>
