{"id":3745,"date":"2025-09-26T17:08:23","date_gmt":"2025-09-26T15:08:23","guid":{"rendered":"https:\/\/ugsel-finistere.org\/?page_id=3745"},"modified":"2026-03-13T16:34:43","modified_gmt":"2026-03-13T15:34:43","slug":"futsal-cadets-juniors-garcons","status":"publish","type":"page","link":"https:\/\/ugsel-finistere.org\/index.php\/futsal-cadets-juniors-garcons\/","title":{"rendered":"Futsal Cadets Juniors gar\u00e7ons"},"content":{"rendered":"\n<div id=\"wp-block-themeisle-blocks-button-group-3fc82c4e\" class=\"wp-block-themeisle-blocks-button-group wp-block-buttons\">\n<div id=\"wp-block-themeisle-blocks-button-04c52769\" class=\"wp-block-themeisle-blocks-button wp-block-button\"><a href=\"https:\/\/ecbzh-my.sharepoint.com\/:x:\/g\/personal\/ugsel29_enseignement-catholique_bzh\/EeB6GQRy781Cr9r8xUcUIWwBheRYC2dBzVm0GWo51rdqOw?e=xDGySE\" target=\"_blank\" rel=\"noopener noreferrer\" class=\"wp-block-button__link\"><span>Equipes engag\u00e9es<\/span><\/a><\/div>\n\n\n\n<div id=\"wp-block-themeisle-blocks-button-ee963f1c\" class=\"wp-block-themeisle-blocks-button wp-block-button\"><a href=\"https:\/\/ecbzh-my.sharepoint.com\/:f:\/g\/personal\/ugsel29_enseignement-catholique_bzh\/IgDbs_vZJvpFTKltN_ysoiomARXbNhyKt3yKbU1Zayzhx3A?e=F7EiaC\" target=\"_blank\" rel=\"noopener noreferrer\" class=\"wp-block-button__link\"><span>R\u00e9sultats d\u00e9partementaux<\/span><\/a><\/div>\n<\/div>\n\n\n\n<p><\/p>\n\n\n\n<script data-js='tribe-events-view-nonce-data' type='application\/json'>{\"tvn1\":\"ffe212aef8\",\"tvn2\":\"\"}<\/script>\n\n\n\n<h4 class=\"wp-block-heading has-custom-2-color has-text-color has-link-color wp-elements-4c271d7f783b2ef12f75b978dbe71074\">Ev\u00e8nements pass\u00e9s :<\/h4>\n\n\n<ul class=\"ecs-event-list\"><li class=\"ecs-event futsal_ecs_category futsal-cj_ecs_category\"><h4 class=\"entry-title summary\"><a href=\"https:\/\/ugsel-finistere.org\/index.php\/calendrier\/futsal-cadets-juniors-departemental\/\" rel=\"bookmark\">Futsal juniors gar\u00e7ons : d\u00e9partemental \u00e0 St St Pol de L\u00e9on<\/a><\/h4><span class=\"duration time\"><span class=\"tribe-event-date-start\">12 novembre 2025-11h00<\/span><span class=\"tribe-event-time\"><\/span><\/span><\/li><li class=\"ecs-event futsal_ecs_category futsal-cj_ecs_category\"><h4 class=\"entry-title summary\"><a href=\"https:\/\/ugsel-finistere.org\/index.php\/calendrier\/futsal-cadets-departemental-promo\/\" rel=\"bookmark\">Futsal cadets : d\u00e9partemental promo \u00e0 Morlaix<\/a><\/h4><span class=\"duration time\"><span class=\"tribe-event-date-start\">26 novembre 2025-10h00<\/span><span class=\"tribe-event-time\"><\/span><\/span><\/li><li class=\"ecs-event futsal_ecs_category futsal-cj_ecs_category\"><h4 class=\"entry-title summary\"><a href=\"https:\/\/ugsel-finistere.org\/index.php\/calendrier\/futsal-cadets-departemental-elite\/\" rel=\"bookmark\">Futsal cadets : d\u00e9partemental \u00e9lite \u00e0 Lesneven<\/a><\/h4><span class=\"duration time\"><span class=\"tribe-event-date-start\">26 novembre 2025-13h30<\/span><span class=\"tribe-event-time\"><\/span><\/span><\/li><li class=\"ecs-event futsal_ecs_category futsal-cj_ecs_category\"><h4 class=\"entry-title summary\"><a href=\"https:\/\/ugsel-finistere.org\/index.php\/calendrier\/futsal-regional-jg-a-dol-de-bretagne-35\/\" rel=\"bookmark\">Futsal : r\u00e9gional JG \u00e0 Dol de Bretagne (35)<\/a><\/h4><span class=\"duration time\"><span class=\"tribe-event-date-start\">4 f\u00e9vrier-8h00<\/span><span class=\"tribe-event-time\"><\/span><\/span><\/li><li class=\"ecs-event futsal_ecs_category futsal-cj_ecs_category futsal-feminin_ecs_category\"><h4 class=\"entry-title summary\"><a href=\"https:\/\/ugsel-finistere.org\/index.php\/calendrier\/futsal-national-jg-a-laval-53\/\" rel=\"bookmark\">Futsal : national JG et CJF \u00e0 Laval (53)<\/a><\/h4><span class=\"duration time\"><span class=\"tribe-event-date-start\">25 mars-8h00<\/span> &#8211; <span class=\"tribe-event-date-end\">27 mars-17h00<\/span><\/span><\/li><\/ul><script type=\"application\/ld+json\">\r\n[{\"@context\":\"http:\/\/schema.org\",\"@type\":\"Event\",\"name\":\"Futsal juniors gar\\u00e7ons : d\\u00e9partemental \\u00e0 St St Pol de L\\u00e9on\",\"description\":\"\",\"url\":\"https:\/\/ugsel-finistere.org\/index.php\/calendrier\/futsal-cadets-juniors-departemental\/\",\"eventAttendanceMode\":\"https:\/\/schema.org\/OfflineEventAttendanceMode\",\"eventStatus\":\"https:\/\/schema.org\/EventScheduled\",\"startDate\":\"2025-11-12T11:00:00+01:00\",\"endDate\":\"2025-11-12T17:00:00+01:00\",\"performer\":\"Organization\"},{\"@context\":\"http:\/\/schema.org\",\"@type\":\"Event\",\"name\":\"Futsal cadets : d\\u00e9partemental promo \\u00e0 Morlaix\",\"description\":\"\",\"url\":\"https:\/\/ugsel-finistere.org\/index.php\/calendrier\/futsal-cadets-departemental-promo\/\",\"eventAttendanceMode\":\"https:\/\/schema.org\/OfflineEventAttendanceMode\",\"eventStatus\":\"https:\/\/schema.org\/EventScheduled\",\"startDate\":\"2025-11-26T10:00:00+01:00\",\"endDate\":\"2025-11-26T17:00:00+01:00\",\"performer\":\"Organization\"},{\"@context\":\"http:\/\/schema.org\",\"@type\":\"Event\",\"name\":\"Futsal cadets : d\\u00e9partemental \\u00e9lite \\u00e0 Lesneven\",\"description\":\"\",\"url\":\"https:\/\/ugsel-finistere.org\/index.php\/calendrier\/futsal-cadets-departemental-elite\/\",\"eventAttendanceMode\":\"https:\/\/schema.org\/OfflineEventAttendanceMode\",\"eventStatus\":\"https:\/\/schema.org\/EventScheduled\",\"startDate\":\"2025-11-26T13:30:00+01:00\",\"endDate\":\"2025-11-26T16:00:00+01:00\",\"performer\":\"Organization\"},{\"@context\":\"http:\/\/schema.org\",\"@type\":\"Event\",\"name\":\"Futsal : r\\u00e9gional JG \\u00e0 Dol de Bretagne (35)\",\"description\":\"\",\"url\":\"https:\/\/ugsel-finistere.org\/index.php\/calendrier\/futsal-regional-jg-a-dol-de-bretagne-35\/\",\"eventAttendanceMode\":\"https:\/\/schema.org\/OfflineEventAttendanceMode\",\"eventStatus\":\"https:\/\/schema.org\/EventScheduled\",\"startDate\":\"2026-02-04T08:00:00+01:00\",\"endDate\":\"2026-02-04T17:00:00+01:00\",\"performer\":\"Organization\"},{\"@context\":\"http:\/\/schema.org\",\"@type\":\"Event\",\"name\":\"Futsal : national JG et CJF \\u00e0 Laval (53)\",\"description\":\"\",\"url\":\"https:\/\/ugsel-finistere.org\/index.php\/calendrier\/futsal-national-jg-a-laval-53\/\",\"eventAttendanceMode\":\"https:\/\/schema.org\/OfflineEventAttendanceMode\",\"eventStatus\":\"https:\/\/schema.org\/EventScheduled\",\"startDate\":\"2026-03-25T08:00:00+01:00\",\"endDate\":\"2026-03-27T17:00:00+01:00\",\"performer\":\"Organization\"}]\r\n<\/script><!--\n Event listing powered by The Events Calendar Shortcode\n https:\/\/eventcalendarnewsletter.com\/the-events-calendar-shortcode\/ \n-->\n\n\n<p><\/p>\n\n\n\n<p><\/p>\n","protected":false},"excerpt":{"rendered":"<p>Ev\u00e8nements pass\u00e9s :<\/p>\n","protected":false},"author":3,"featured_media":4050,"parent":0,"menu_order":0,"comment_status":"closed","ping_status":"closed","template":"","meta":{"_tec_requires_first_save":true,"_uag_custom_page_level_css":"","neve_meta_sidebar":"","neve_meta_container":"","neve_meta_enable_content_width":"","neve_meta_content_width":0,"neve_meta_title_alignment":"","neve_meta_author_avatar":"","neve_post_elements_order":"","neve_meta_disable_header":"off","neve_meta_disable_footer":"","neve_meta_disable_title":"off","_EventAllDay":false,"_EventTimezone":"","_EventStartDate":"","_EventEndDate":"","_EventStartDateUTC":"","_EventEndDateUTC":"","_EventShowMap":false,"_EventShowMapLink":false,"_EventURL":"","_EventCost":"","_EventCostDescription":"","_EventCurrencySymbol":"","_EventCurrencyCode":"","_EventCurrencyPosition":"","_EventDateTimeSeparator":"","_EventTimeRangeSeparator":"","_EventOrganizerID":[],"_EventVenueID":[],"_OrganizerEmail":"","_OrganizerPhone":"","_OrganizerWebsite":"","_VenueAddress":"","_VenueCity":"","_VenueCountry":"","_VenueProvince":"","_VenueState":"","_VenueZip":"","_VenuePhone":"","_VenueURL":"","_VenueStateProvince":"","_VenueLat":"","_VenueLng":"","_VenueShowMap":false,"_VenueShowMapLink":false,"_tribe_blocks_recurrence_rules":"","_tribe_blocks_recurrence_description":"","_tribe_blocks_recurrence_exclusions":"","_themeisle_gutenberg_block_has_review":false,"footnotes":""},"class_list":["post-3745","page","type-page","status-publish","has-post-thumbnail","hentry"],"uagb_featured_image_src":{"full":["https:\/\/ugsel-finistere.org\/wp-content\/uploads\/2025\/10\/otum-nw-_ny-e1759500945266.jpg",1600,630,false],"thumbnail":["https:\/\/ugsel-finistere.org\/wp-content\/uploads\/2025\/10\/otum-nw-_ny-e1759500945266-150x150.jpg",150,150,true],"medium":["https:\/\/ugsel-finistere.org\/wp-content\/uploads\/2025\/10\/otum-nw-_ny-e1759500945266-300x118.jpg",300,118,true],"medium_large":["https:\/\/ugsel-finistere.org\/wp-content\/uploads\/2025\/10\/otum-nw-_ny-e1759500945266-768x302.jpg",768,302,true],"large":["https:\/\/ugsel-finistere.org\/wp-content\/uploads\/2025\/10\/otum-nw-_ny-e1759500945266-1024x403.jpg",1024,403,true],"1536x1536":["https:\/\/ugsel-finistere.org\/wp-content\/uploads\/2025\/10\/otum-nw-_ny-e1759500945266-1536x605.jpg",1536,605,true],"2048x2048":["https:\/\/ugsel-finistere.org\/wp-content\/uploads\/2025\/10\/otum-nw-_ny-e1759500945266.jpg",1600,630,false],"neve-blog":["https:\/\/ugsel-finistere.org\/wp-content\/uploads\/2025\/10\/otum-nw-_ny-e1759500945266-930x620.jpg",930,620,true]},"uagb_author_info":{"display_name":"Helene","author_link":"https:\/\/ugsel-finistere.org\/index.php\/author\/helene\/"},"uagb_comment_info":0,"uagb_excerpt":"Ev\u00e8nements pass\u00e9s :","_links":{"self":[{"href":"https:\/\/ugsel-finistere.org\/index.php\/wp-json\/wp\/v2\/pages\/3745","targetHints":{"allow":["GET"]}}],"collection":[{"href":"https:\/\/ugsel-finistere.org\/index.php\/wp-json\/wp\/v2\/pages"}],"about":[{"href":"https:\/\/ugsel-finistere.org\/index.php\/wp-json\/wp\/v2\/types\/page"}],"author":[{"embeddable":true,"href":"https:\/\/ugsel-finistere.org\/index.php\/wp-json\/wp\/v2\/users\/3"}],"replies":[{"embeddable":true,"href":"https:\/\/ugsel-finistere.org\/index.php\/wp-json\/wp\/v2\/comments?post=3745"}],"version-history":[{"count":5,"href":"https:\/\/ugsel-finistere.org\/index.php\/wp-json\/wp\/v2\/pages\/3745\/revisions"}],"predecessor-version":[{"id":6012,"href":"https:\/\/ugsel-finistere.org\/index.php\/wp-json\/wp\/v2\/pages\/3745\/revisions\/6012"}],"wp:featuredmedia":[{"embeddable":true,"href":"https:\/\/ugsel-finistere.org\/index.php\/wp-json\/wp\/v2\/media\/4050"}],"wp:attachment":[{"href":"https:\/\/ugsel-finistere.org\/index.php\/wp-json\/wp\/v2\/media?parent=3745"}],"curies":[{"name":"wp","href":"https:\/\/api.w.org\/{rel}","templated":true}]}}

Futsal Cadets Juniors garçons

<div id="wp-block-themeisle-blocks-button-group-3fc82c4e" class="wp-block-themeisle-blocks-button-group wp-block-buttons">
<div id="wp-block-themeisle-blocks-button-04c52769" class="wp-block-themeisle-blocks-button wp-block-button"><a href="https://ecbzh-my.sharepoint.com/:x:/g/personal/ugsel29_enseignement-catholique_bzh/EeB6GQRy781Cr9r8xUcUIWwBheRYC2dBzVm0GWo51rdqOw?e=xDGySE" target="_blank" rel="noopener noreferrer" class="wp-block-button__link"><span>Equipes engagées</span></a></div>



<div id="wp-block-themeisle-blocks-button-ee963f1c" class="wp-block-themeisle-blocks-button wp-block-button"><a href="https://ecbzh-my.sharepoint.com/:f:/g/personal/ugsel29_enseignement-catholique_bzh/IgDbs_vZJvpFTKltN_ysoiomARXbNhyKt3yKbU1Zayzhx3A?e=F7EiaC" target="_blank" rel="noopener noreferrer" class="wp-block-button__link"><span>Résultats départementaux</span></a></div>
</div>



<p></p>



<script data-js='tribe-events-view-nonce-data' type='application/json'>{"tvn1":"ffe212aef8","tvn2":""}</script>



<h4 class="wp-block-heading has-custom-2-color has-text-color has-link-color wp-elements-4c271d7f783b2ef12f75b978dbe71074">Evènements passés :</h4>


<ul class="ecs-event-list"><li class="ecs-event futsal_ecs_category futsal-cj_ecs_category"><h4 class="entry-title summary"><a href="https://ugsel-finistere.org/index.php/calendrier/futsal-cadets-juniors-departemental/" rel="bookmark">Futsal juniors garçons : départemental à St St Pol de Léon</a></h4><span class="duration time"><span class="tribe-event-date-start">12 novembre 2025-11h00</span><span class="tribe-event-time"></span></span></li><li class="ecs-event futsal_ecs_category futsal-cj_ecs_category"><h4 class="entry-title summary"><a href="https://ugsel-finistere.org/index.php/calendrier/futsal-cadets-departemental-promo/" rel="bookmark">Futsal cadets : départemental promo à Morlaix</a></h4><span class="duration time"><span class="tribe-event-date-start">26 novembre 2025-10h00</span><span class="tribe-event-time"></span></span></li><li class="ecs-event futsal_ecs_category futsal-cj_ecs_category"><h4 class="entry-title summary"><a href="https://ugsel-finistere.org/index.php/calendrier/futsal-cadets-departemental-elite/" rel="bookmark">Futsal cadets : départemental élite à Lesneven</a></h4><span class="duration time"><span class="tribe-event-date-start">26 novembre 2025-13h30</span><span class="tribe-event-time"></span></span></li><li class="ecs-event futsal_ecs_category futsal-cj_ecs_category"><h4 class="entry-title summary"><a href="https://ugsel-finistere.org/index.php/calendrier/futsal-regional-jg-a-dol-de-bretagne-35/" rel="bookmark">Futsal : régional JG à Dol de Bretagne (35)</a></h4><span class="duration time"><span class="tribe-event-date-start">4 février-8h00</span><span class="tribe-event-time"></span></span></li><li class="ecs-event futsal_ecs_category futsal-cj_ecs_category futsal-feminin_ecs_category"><h4 class="entry-title summary"><a href="https://ugsel-finistere.org/index.php/calendrier/futsal-national-jg-a-laval-53/" rel="bookmark">Futsal : national JG et CJF à Laval (53)</a></h4><span class="duration time"><span class="tribe-event-date-start">25 mars-8h00</span> &#8211; <span class="tribe-event-date-end">27 mars-17h00</span></span></li></ul><script type="application/ld+json">
[{"@context":"http://schema.org","@type":"Event","name":"Futsal juniors gar\u00e7ons : d\u00e9partemental \u00e0 St St Pol de L\u00e9on","description":"","url":"https://ugsel-finistere.org/index.php/calendrier/futsal-cadets-juniors-departemental/","eventAttendanceMode":"https://schema.org/OfflineEventAttendanceMode","eventStatus":"https://schema.org/EventScheduled","startDate":"2025-11-12T11:00:00+01:00","endDate":"2025-11-12T17:00:00+01:00","performer":"Organization"},{"@context":"http://schema.org","@type":"Event","name":"Futsal cadets : d\u00e9partemental promo \u00e0 Morlaix","description":"","url":"https://ugsel-finistere.org/index.php/calendrier/futsal-cadets-departemental-promo/","eventAttendanceMode":"https://schema.org/OfflineEventAttendanceMode","eventStatus":"https://schema.org/EventScheduled","startDate":"2025-11-26T10:00:00+01:00","endDate":"2025-11-26T17:00:00+01:00","performer":"Organization"},{"@context":"http://schema.org","@type":"Event","name":"Futsal cadets : d\u00e9partemental \u00e9lite \u00e0 Lesneven","description":"","url":"https://ugsel-finistere.org/index.php/calendrier/futsal-cadets-departemental-elite/","eventAttendanceMode":"https://schema.org/OfflineEventAttendanceMode","eventStatus":"https://schema.org/EventScheduled","startDate":"2025-11-26T13:30:00+01:00","endDate":"2025-11-26T16:00:00+01:00","performer":"Organization"},{"@context":"http://schema.org","@type":"Event","name":"Futsal : r\u00e9gional JG \u00e0 Dol de Bretagne (35)","description":"","url":"https://ugsel-finistere.org/index.php/calendrier/futsal-regional-jg-a-dol-de-bretagne-35/","eventAttendanceMode":"https://schema.org/OfflineEventAttendanceMode","eventStatus":"https://schema.org/EventScheduled","startDate":"2026-02-04T08:00:00+01:00","endDate":"2026-02-04T17:00:00+01:00","performer":"Organization"},{"@context":"http://schema.org","@type":"Event","name":"Futsal : national JG et CJF \u00e0 Laval (53)","description":"","url":"https://ugsel-finistere.org/index.php/calendrier/futsal-national-jg-a-laval-53/","eventAttendanceMode":"https://schema.org/OfflineEventAttendanceMode","eventStatus":"https://schema.org/EventScheduled","startDate":"2026-03-25T08:00:00+01:00","endDate":"2026-03-27T17:00:00+01:00","performer":"Organization"}]
</script><!--
 Event listing powered by The Events Calendar Shortcode
 https://eventcalendarnewsletter.com/the-events-calendar-shortcode/ 
-->


<p></p>



<p></p>

<p>Evènements passés :</p>

Evènements passés :
