{"id":722,"date":"2025-02-14T19:04:48","date_gmt":"2025-02-14T18:04:48","guid":{"rendered":"https:\/\/www.futur.ugsel-finistere.org\/futur.ugsel-finistere.org\/?page_id=722"},"modified":"2026-03-13T15:45:15","modified_gmt":"2026-03-13T14:45:15","slug":"2d-athletisme-en-salle","status":"publish","type":"page","link":"https:\/\/ugsel-finistere.org\/index.php\/2d-athletisme-en-salle\/","title":{"rendered":"Athl\u00e9tisme en salle"},"content":{"rendered":"\n<div id=\"wp-block-themeisle-blocks-button-group-828f56e8\" class=\"wp-block-themeisle-blocks-button-group wp-block-buttons\">\n<div id=\"wp-block-themeisle-blocks-button-305cea99\" class=\"wp-block-themeisle-blocks-button wp-block-button\"><a href=\"https:\/\/ugsel-finistere.org\/index.php\/athletisme-en-salle-reglements\/\" target=\"_blank\" rel=\"noopener noreferrer\" class=\"wp-block-button__link\"><span>R\u00e8glements<\/span><\/a><\/div>\n\n\n\n<div id=\"wp-block-themeisle-blocks-button-8b2f9aa0\" class=\"wp-block-themeisle-blocks-button wp-block-button\"><a href=\"https:\/\/ecbzh-my.sharepoint.com\/:f:\/g\/personal\/ugsel29_enseignement-catholique_bzh\/IgCoXTxDWPTRQoAQ6pkMWfeiAeNyZwUY_MFEsNUUOD90APU?e=zBFjXe\" target=\"_blank\" rel=\"noopener noreferrer\" class=\"wp-block-button__link\"><span>R\u00e9sultats d\u00e9partementaux<\/span><\/a><\/div>\n<\/div>\n\n\n\n<p><\/p>\n\n\n\n<script data-js='tribe-events-view-nonce-data' type='application\/json'>{\"tvn1\":\"ffe212aef8\",\"tvn2\":\"\"}<\/script>\n\n\n\n<h4 class=\"wp-block-heading has-custom-2-color has-text-color has-link-color wp-elements-4c271d7f783b2ef12f75b978dbe71074\">Ev\u00e8nements pass\u00e9s :<\/h4>\n\n\n<ul class=\"ecs-event-list\"><li class=\"ecs-event athletisme-en-salle_ecs_category\"><h4 class=\"entry-title summary\"><a href=\"https:\/\/ugsel-finistere.org\/index.php\/calendrier\/athletisme-en-salle-national-cadets-juniors-a-st-brieuc-22\/\" rel=\"bookmark\">Athl\u00e9tisme en salle : national cadets juniors \u00e0 St Brieuc (22)<\/a><\/h4><span class=\"duration time\"><span class=\"tribe-event-date-start\">3 f\u00e9vrier-8h00<\/span> &#8211; <span class=\"tribe-event-date-end\">4 f\u00e9vrier-17h00<\/span><\/span><\/li><li class=\"ecs-event athletisme-en-salle_ecs_category\"><h4 class=\"entry-title summary\"><a href=\"https:\/\/ugsel-finistere.org\/index.php\/calendrier\/athletisme-en-salle-national-benjamins-minimes-a-st-brieuc-22\/\" rel=\"bookmark\">Athl\u00e9tisme en salle : national benjamins minimes \u00e0 St Brieuc (22)<\/a><\/h4><span class=\"duration time\"><span class=\"tribe-event-date-start\">2 f\u00e9vrier-8h00<\/span> &#8211; <span class=\"tribe-event-date-end\">3 f\u00e9vrier-17h00<\/span><\/span><\/li><li class=\"ecs-event athletisme-en-salle_ecs_category\"><h4 class=\"entry-title summary\"><a href=\"https:\/\/ugsel-finistere.org\/index.php\/calendrier\/athletisme-en-salle-regional-benjamins-minimes-a-st-brieuc\/\" rel=\"bookmark\">Athl\u00e9tisme en salle : r\u00e9gional benjamins minimes \u00e0 St Brieuc<\/a><\/h4><span class=\"duration time\"><span class=\"tribe-event-date-start\">14 janvier-8h00<\/span><span class=\"tribe-event-time\"><\/span><\/span><\/li><li class=\"ecs-event athletisme-en-salle_ecs_category\"><h4 class=\"entry-title summary\"><a href=\"https:\/\/ugsel-finistere.org\/index.php\/calendrier\/athletisme-en-salle-regional-cadets-juniors\/\" rel=\"bookmark\">Athl\u00e9tisme en salle : r\u00e9gional cadets juniors \u00e0 Rennes<\/a><\/h4><span class=\"duration time\"><span class=\"tribe-event-date-start\">17 d\u00e9cembre 2025-8h00<\/span><span class=\"tribe-event-time\"><\/span><\/span><\/li><li class=\"ecs-event athletisme-en-salle_ecs_category\"><h4 class=\"entry-title summary\"><a href=\"https:\/\/ugsel-finistere.org\/index.php\/calendrier\/athletisme-en-salle-departemental-benjamins-minimes-a-guilers\/\" rel=\"bookmark\">Athl\u00e9tisme en salle : d\u00e9partemental benjamins minimes \u00e0 Guilers<\/a><\/h4><span class=\"duration time\"><span class=\"tribe-event-date-start\">3 d\u00e9cembre 2025-12h00<\/span><span class=\"tribe-event-time\"><\/span><\/span><\/li><\/ul><script type=\"application\/ld+json\">\r\n[{\"@context\":\"http:\/\/schema.org\",\"@type\":\"Event\",\"name\":\"Athl\\u00e9tisme en salle : national cadets juniors \\u00e0 St Brieuc (22)\",\"description\":\"&lt;p&gt;Lien vers la page nationale&lt;\/p&gt;\\\\n\",\"url\":\"https:\/\/ugsel-finistere.org\/index.php\/calendrier\/athletisme-en-salle-national-cadets-juniors-a-st-brieuc-22\/\",\"eventAttendanceMode\":\"https:\/\/schema.org\/OfflineEventAttendanceMode\",\"eventStatus\":\"https:\/\/schema.org\/EventScheduled\",\"startDate\":\"2026-02-03T08:00:00+01:00\",\"endDate\":\"2026-02-04T17:00:00+01:00\",\"performer\":\"Organization\"},{\"@context\":\"http:\/\/schema.org\",\"@type\":\"Event\",\"name\":\"Athl\\u00e9tisme en salle : national benjamins minimes \\u00e0 St Brieuc (22)\",\"description\":\"&lt;p&gt;Lien vers la page nationale&lt;\/p&gt;\\\\n\",\"url\":\"https:\/\/ugsel-finistere.org\/index.php\/calendrier\/athletisme-en-salle-national-benjamins-minimes-a-st-brieuc-22\/\",\"eventAttendanceMode\":\"https:\/\/schema.org\/OfflineEventAttendanceMode\",\"eventStatus\":\"https:\/\/schema.org\/EventScheduled\",\"startDate\":\"2026-02-02T08:00:00+01:00\",\"endDate\":\"2026-02-03T17:00:00+01:00\",\"performer\":\"Organization\"},{\"@context\":\"http:\/\/schema.org\",\"@type\":\"Event\",\"name\":\"Athl\\u00e9tisme en salle : r\\u00e9gional benjamins minimes \\u00e0 St Brieuc\",\"description\":\"&lt;p&gt;R\\u00e9gional commun 29\/22 - lien vers la page r\\u00e9gionale&lt;\/p&gt;\\\\n\",\"url\":\"https:\/\/ugsel-finistere.org\/index.php\/calendrier\/athletisme-en-salle-regional-benjamins-minimes-a-st-brieuc\/\",\"eventAttendanceMode\":\"https:\/\/schema.org\/OfflineEventAttendanceMode\",\"eventStatus\":\"https:\/\/schema.org\/EventScheduled\",\"startDate\":\"2026-01-14T08:00:00+01:00\",\"endDate\":\"2026-01-14T17:00:00+01:00\",\"performer\":\"Organization\"},{\"@context\":\"http:\/\/schema.org\",\"@type\":\"Event\",\"name\":\"Athl\\u00e9tisme en salle : r\\u00e9gional cadets juniors \\u00e0 Rennes\",\"description\":\"&lt;p&gt;Lien vers la page r\\u00e9gionale&lt;\/p&gt;\\\\n\",\"url\":\"https:\/\/ugsel-finistere.org\/index.php\/calendrier\/athletisme-en-salle-regional-cadets-juniors\/\",\"eventAttendanceMode\":\"https:\/\/schema.org\/OfflineEventAttendanceMode\",\"eventStatus\":\"https:\/\/schema.org\/EventScheduled\",\"startDate\":\"2025-12-17T08:00:00+01:00\",\"endDate\":\"2025-12-17T17:00:00+01:00\",\"performer\":\"Organization\"},{\"@context\":\"http:\/\/schema.org\",\"@type\":\"Event\",\"name\":\"Athl\\u00e9tisme en salle : d\\u00e9partemental benjamins minimes \\u00e0 Guilers\",\"description\":\"\",\"url\":\"https:\/\/ugsel-finistere.org\/index.php\/calendrier\/athletisme-en-salle-departemental-benjamins-minimes-a-guilers\/\",\"eventAttendanceMode\":\"https:\/\/schema.org\/OfflineEventAttendanceMode\",\"eventStatus\":\"https:\/\/schema.org\/EventScheduled\",\"startDate\":\"2025-12-03T12:00:00+01:00\",\"endDate\":\"2025-12-03T17:00:00+01:00\",\"performer\":\"Organization\"}]\r\n<\/script><!--\n Event listing powered by The Events Calendar Shortcode\n https:\/\/eventcalendarnewsletter.com\/the-events-calendar-shortcode\/ \n-->","protected":false},"excerpt":{"rendered":"<p>Ev\u00e8nements pass\u00e9s :<\/p>\n","protected":false},"author":3,"featured_media":4964,"parent":0,"menu_order":0,"comment_status":"closed","ping_status":"closed","template":"","meta":{"_tec_requires_first_save":true,"_uag_custom_page_level_css":"","neve_meta_sidebar":"","neve_meta_container":"","neve_meta_enable_content_width":"","neve_meta_content_width":0,"neve_meta_title_alignment":"","neve_meta_author_avatar":"","neve_post_elements_order":"","neve_meta_disable_header":"off","neve_meta_disable_footer":"","neve_meta_disable_title":"off","_EventAllDay":false,"_EventTimezone":"","_EventStartDate":"","_EventEndDate":"","_EventStartDateUTC":"","_EventEndDateUTC":"","_EventShowMap":false,"_EventShowMapLink":false,"_EventURL":"","_EventCost":"","_EventCostDescription":"","_EventCurrencySymbol":"","_EventCurrencyCode":"","_EventCurrencyPosition":"","_EventDateTimeSeparator":"","_EventTimeRangeSeparator":"","_EventOrganizerID":[],"_EventVenueID":[],"_OrganizerEmail":"","_OrganizerPhone":"","_OrganizerWebsite":"","_VenueAddress":"","_VenueCity":"","_VenueCountry":"","_VenueProvince":"","_VenueState":"","_VenueZip":"","_VenuePhone":"","_VenueURL":"","_VenueStateProvince":"","_VenueLat":"","_VenueLng":"","_VenueShowMap":false,"_VenueShowMapLink":false,"_tribe_blocks_recurrence_rules":"","_tribe_blocks_recurrence_description":"","_tribe_blocks_recurrence_exclusions":"","_themeisle_gutenberg_block_has_review":false,"footnotes":""},"class_list":["post-722","page","type-page","status-publish","has-post-thumbnail","hentry"],"uagb_featured_image_src":{"full":["https:\/\/ugsel-finistere.org\/wp-content\/uploads\/2025\/12\/athle_guilers-scaled-e1765548897162.jpg",1920,620,false],"thumbnail":["https:\/\/ugsel-finistere.org\/wp-content\/uploads\/2025\/12\/athle_guilers-scaled-e1765548897162-150x150.jpg",150,150,true],"medium":["https:\/\/ugsel-finistere.org\/wp-content\/uploads\/2025\/12\/athle_guilers-scaled-e1765548897162-300x97.jpg",300,97,true],"medium_large":["https:\/\/ugsel-finistere.org\/wp-content\/uploads\/2025\/12\/athle_guilers-scaled-e1765548897162-768x248.jpg",768,248,true],"large":["https:\/\/ugsel-finistere.org\/wp-content\/uploads\/2025\/12\/athle_guilers-scaled-e1765548897162-1024x331.jpg",1024,331,true],"1536x1536":["https:\/\/ugsel-finistere.org\/wp-content\/uploads\/2025\/12\/athle_guilers-scaled-e1765548897162-1536x496.jpg",1536,496,true],"2048x2048":["https:\/\/ugsel-finistere.org\/wp-content\/uploads\/2025\/12\/athle_guilers-1536x2048.jpg",1536,2048,true],"neve-blog":["https:\/\/ugsel-finistere.org\/wp-content\/uploads\/2025\/12\/athle_guilers-scaled-e1765548897162-930x620.jpg",930,620,true]},"uagb_author_info":{"display_name":"Helene","author_link":"https:\/\/ugsel-finistere.org\/index.php\/author\/helene\/"},"uagb_comment_info":0,"uagb_excerpt":"Ev\u00e8nements pass\u00e9s :","_links":{"self":[{"href":"https:\/\/ugsel-finistere.org\/index.php\/wp-json\/wp\/v2\/pages\/722","targetHints":{"allow":["GET"]}}],"collection":[{"href":"https:\/\/ugsel-finistere.org\/index.php\/wp-json\/wp\/v2\/pages"}],"about":[{"href":"https:\/\/ugsel-finistere.org\/index.php\/wp-json\/wp\/v2\/types\/page"}],"author":[{"embeddable":true,"href":"https:\/\/ugsel-finistere.org\/index.php\/wp-json\/wp\/v2\/users\/3"}],"replies":[{"embeddable":true,"href":"https:\/\/ugsel-finistere.org\/index.php\/wp-json\/wp\/v2\/comments?post=722"}],"version-history":[{"count":12,"href":"https:\/\/ugsel-finistere.org\/index.php\/wp-json\/wp\/v2\/pages\/722\/revisions"}],"predecessor-version":[{"id":5989,"href":"https:\/\/ugsel-finistere.org\/index.php\/wp-json\/wp\/v2\/pages\/722\/revisions\/5989"}],"wp:featuredmedia":[{"embeddable":true,"href":"https:\/\/ugsel-finistere.org\/index.php\/wp-json\/wp\/v2\/media\/4964"}],"wp:attachment":[{"href":"https:\/\/ugsel-finistere.org\/index.php\/wp-json\/wp\/v2\/media?parent=722"}],"curies":[{"name":"wp","href":"https:\/\/api.w.org\/{rel}","templated":true}]}}

Athlétisme en salle

<div id="wp-block-themeisle-blocks-button-group-828f56e8" class="wp-block-themeisle-blocks-button-group wp-block-buttons">
<div id="wp-block-themeisle-blocks-button-305cea99" class="wp-block-themeisle-blocks-button wp-block-button"><a href="https://ugsel-finistere.org/index.php/athletisme-en-salle-reglements/" target="_blank" rel="noopener noreferrer" class="wp-block-button__link"><span>Règlements</span></a></div>



<div id="wp-block-themeisle-blocks-button-8b2f9aa0" class="wp-block-themeisle-blocks-button wp-block-button"><a href="https://ecbzh-my.sharepoint.com/:f:/g/personal/ugsel29_enseignement-catholique_bzh/IgCoXTxDWPTRQoAQ6pkMWfeiAeNyZwUY_MFEsNUUOD90APU?e=zBFjXe" target="_blank" rel="noopener noreferrer" class="wp-block-button__link"><span>Résultats départementaux</span></a></div>
</div>



<p></p>



<script data-js='tribe-events-view-nonce-data' type='application/json'>{"tvn1":"ffe212aef8","tvn2":""}</script>



<h4 class="wp-block-heading has-custom-2-color has-text-color has-link-color wp-elements-4c271d7f783b2ef12f75b978dbe71074">Evènements passés :</h4>


<ul class="ecs-event-list"><li class="ecs-event athletisme-en-salle_ecs_category"><h4 class="entry-title summary"><a href="https://ugsel-finistere.org/index.php/calendrier/athletisme-en-salle-national-cadets-juniors-a-st-brieuc-22/" rel="bookmark">Athlétisme en salle : national cadets juniors à St Brieuc (22)</a></h4><span class="duration time"><span class="tribe-event-date-start">3 février-8h00</span> &#8211; <span class="tribe-event-date-end">4 février-17h00</span></span></li><li class="ecs-event athletisme-en-salle_ecs_category"><h4 class="entry-title summary"><a href="https://ugsel-finistere.org/index.php/calendrier/athletisme-en-salle-national-benjamins-minimes-a-st-brieuc-22/" rel="bookmark">Athlétisme en salle : national benjamins minimes à St Brieuc (22)</a></h4><span class="duration time"><span class="tribe-event-date-start">2 février-8h00</span> &#8211; <span class="tribe-event-date-end">3 février-17h00</span></span></li><li class="ecs-event athletisme-en-salle_ecs_category"><h4 class="entry-title summary"><a href="https://ugsel-finistere.org/index.php/calendrier/athletisme-en-salle-regional-benjamins-minimes-a-st-brieuc/" rel="bookmark">Athlétisme en salle : régional benjamins minimes à St Brieuc</a></h4><span class="duration time"><span class="tribe-event-date-start">14 janvier-8h00</span><span class="tribe-event-time"></span></span></li><li class="ecs-event athletisme-en-salle_ecs_category"><h4 class="entry-title summary"><a href="https://ugsel-finistere.org/index.php/calendrier/athletisme-en-salle-regional-cadets-juniors/" rel="bookmark">Athlétisme en salle : régional cadets juniors à Rennes</a></h4><span class="duration time"><span class="tribe-event-date-start">17 décembre 2025-8h00</span><span class="tribe-event-time"></span></span></li><li class="ecs-event athletisme-en-salle_ecs_category"><h4 class="entry-title summary"><a href="https://ugsel-finistere.org/index.php/calendrier/athletisme-en-salle-departemental-benjamins-minimes-a-guilers/" rel="bookmark">Athlétisme en salle : départemental benjamins minimes à Guilers</a></h4><span class="duration time"><span class="tribe-event-date-start">3 décembre 2025-12h00</span><span class="tribe-event-time"></span></span></li></ul><script type="application/ld+json">
[{"@context":"http://schema.org","@type":"Event","name":"Athl\u00e9tisme en salle : national cadets juniors \u00e0 St Brieuc (22)","description":"&lt;p&gt;Lien vers la page nationale&lt;/p&gt;\\n","url":"https://ugsel-finistere.org/index.php/calendrier/athletisme-en-salle-national-cadets-juniors-a-st-brieuc-22/","eventAttendanceMode":"https://schema.org/OfflineEventAttendanceMode","eventStatus":"https://schema.org/EventScheduled","startDate":"2026-02-03T08:00:00+01:00","endDate":"2026-02-04T17:00:00+01:00","performer":"Organization"},{"@context":"http://schema.org","@type":"Event","name":"Athl\u00e9tisme en salle : national benjamins minimes \u00e0 St Brieuc (22)","description":"&lt;p&gt;Lien vers la page nationale&lt;/p&gt;\\n","url":"https://ugsel-finistere.org/index.php/calendrier/athletisme-en-salle-national-benjamins-minimes-a-st-brieuc-22/","eventAttendanceMode":"https://schema.org/OfflineEventAttendanceMode","eventStatus":"https://schema.org/EventScheduled","startDate":"2026-02-02T08:00:00+01:00","endDate":"2026-02-03T17:00:00+01:00","performer":"Organization"},{"@context":"http://schema.org","@type":"Event","name":"Athl\u00e9tisme en salle : r\u00e9gional benjamins minimes \u00e0 St Brieuc","description":"&lt;p&gt;R\u00e9gional commun 29/22 - lien vers la page r\u00e9gionale&lt;/p&gt;\\n","url":"https://ugsel-finistere.org/index.php/calendrier/athletisme-en-salle-regional-benjamins-minimes-a-st-brieuc/","eventAttendanceMode":"https://schema.org/OfflineEventAttendanceMode","eventStatus":"https://schema.org/EventScheduled","startDate":"2026-01-14T08:00:00+01:00","endDate":"2026-01-14T17:00:00+01:00","performer":"Organization"},{"@context":"http://schema.org","@type":"Event","name":"Athl\u00e9tisme en salle : r\u00e9gional cadets juniors \u00e0 Rennes","description":"&lt;p&gt;Lien vers la page r\u00e9gionale&lt;/p&gt;\\n","url":"https://ugsel-finistere.org/index.php/calendrier/athletisme-en-salle-regional-cadets-juniors/","eventAttendanceMode":"https://schema.org/OfflineEventAttendanceMode","eventStatus":"https://schema.org/EventScheduled","startDate":"2025-12-17T08:00:00+01:00","endDate":"2025-12-17T17:00:00+01:00","performer":"Organization"},{"@context":"http://schema.org","@type":"Event","name":"Athl\u00e9tisme en salle : d\u00e9partemental benjamins minimes \u00e0 Guilers","description":"","url":"https://ugsel-finistere.org/index.php/calendrier/athletisme-en-salle-departemental-benjamins-minimes-a-guilers/","eventAttendanceMode":"https://schema.org/OfflineEventAttendanceMode","eventStatus":"https://schema.org/EventScheduled","startDate":"2025-12-03T12:00:00+01:00","endDate":"2025-12-03T17:00:00+01:00","performer":"Organization"}]
</script><!--
 Event listing powered by The Events Calendar Shortcode
 https://eventcalendarnewsletter.com/the-events-calendar-shortcode/ 
-->

<p>Evènements passés :</p>

Evènements passés :
