{"id":3107,"date":"2025-07-03T13:22:47","date_gmt":"2025-07-03T11:22:47","guid":{"rendered":"https:\/\/www.futur.ugsel-finistere.org\/futur.ugsel-finistere.org\/?post_type=tribe_events&#038;p=3107"},"modified":"2025-09-19T12:39:24","modified_gmt":"2025-09-19T10:39:24","slug":"rallye-des-enseignants","status":"publish","type":"tribe_events","link":"https:\/\/ugsel-finistere.org\/index.php\/calendrier\/rallye-des-enseignants\/","title":{"rendered":"Rallye des enseignants"},"content":{"rendered":"<div  class=\"tribe-events-schedule tribe-clearfix\" >\n\t<p class=\"tribe-events-schedule__datetime\">\n\t\t<span class=\"tribe-events-schedule__date tribe-events-schedule__date--start\">\n\t\t\t27 septembre 2025\t\t<\/span>\n\n\t\t\t\t\t<span class=\"tribe-events-schedule__separator tribe-events-schedule__separator--date\">\n\t\t\t\t&#8211;\t\t\t<\/span>\n\t\t\t<span class=\"tribe-events-schedule__time tribe-events-schedule__time--start\">\n\t\t\t\t15h00\t\t\t<\/span>\n\t\t\n\t\t\t\t\t\t\t\t\t<span class=\"tribe-events-schedule__separator tribe-events-schedule__separator--time\">\n\t\t\t\t\t &#8211; \t\t\t\t<\/span>\n\t\t\t\n\t\t\t\t\t\t\t<span class=\"tribe-events-schedule__time tribe-events-schedule__time--end\">\n\t\t\t\t\t18h00\t\t\t\t<\/span>\n\t\t\t\n\t\t\t\t\t\t<\/p>\n<\/div>\n\n\n\n<p>Le rallye des enseignants, des chefs d&rsquo;\u00e9tablissements du 1er degr\u00e9 et du 2nd degr\u00e9, des personnels OGEC et membres de la DDEC aura lieu sur le site de Cr\u00e9ach Gwen \u00e0 Quimper. <\/p>\n\n\n\n<p><\/p>\n","protected":false},"excerpt":{"rendered":"<p>Le rallye des enseignants, des chefs d&rsquo;\u00e9tablissements du 1er degr\u00e9 et du 2nd degr\u00e9, des personnels OGEC et membres de la DDEC aura lieu sur le site de Cr\u00e9ach Gwen&hellip;&nbsp;<a href=\"https:\/\/ugsel-finistere.org\/index.php\/calendrier\/rallye-des-enseignants\/\" rel=\"bookmark\">Lire la suite &raquo;<span class=\"screen-reader-text\">Rallye des enseignants<\/span><\/a><\/p>\n","protected":false},"author":3,"featured_media":0,"template":"","meta":{"_tec_requires_first_save":false,"_uag_custom_page_level_css":"","neve_meta_sidebar":"","neve_meta_container":"","neve_meta_enable_content_width":"","neve_meta_content_width":0,"neve_meta_title_alignment":"","neve_meta_author_avatar":"","neve_post_elements_order":"","neve_meta_disable_header":"","neve_meta_disable_footer":"","neve_meta_disable_title":"","_EventAllDay":false,"_EventTimezone":"Europe\/Paris","_EventStartDate":"2025-09-27 15:00:00","_EventEndDate":"2025-09-27 18:00:00","_EventStartDateUTC":"2025-09-27 13:00:00","_EventEndDateUTC":"2025-09-27 16:00:00","_EventShowMap":false,"_EventShowMapLink":false,"_EventURL":"","_EventCost":"","_EventCostDescription":"","_EventCurrencySymbol":"\u20ac","_EventCurrencyCode":"EUR","_EventCurrencyPosition":"suffix","_EventDateTimeSeparator":"-","_EventTimeRangeSeparator":" - ","_EventOrganizerID":[],"_EventVenueID":[],"_OrganizerEmail":"","_OrganizerPhone":"","_OrganizerWebsite":"","_VenueAddress":"","_VenueCity":"","_VenueCountry":"","_VenueProvince":"","_VenueState":"","_VenueZip":"","_VenuePhone":"","_VenueURL":"","_VenueStateProvince":"","_VenueLat":"","_VenueLng":"","_VenueShowMap":false,"_VenueShowMapLink":false,"_tribe_blocks_recurrence_rules":"","_tribe_blocks_recurrence_description":"","_tribe_blocks_recurrence_exclusions":"","_themeisle_gutenberg_block_has_review":false,"_tribe_events_status":"","_tribe_events_status_reason":"","_tribe_events_is_hybrid":"","_tribe_events_is_virtual":"","_tribe_events_virtual_video_source":"","_tribe_events_virtual_embed_video":"","_tribe_events_virtual_linked_button_text":"","_tribe_events_virtual_linked_button":"","_tribe_events_virtual_show_embed_at":"","_tribe_events_virtual_show_embed_to":[],"_tribe_events_virtual_show_on_event":"","_tribe_events_virtual_show_on_views":"","_tribe_events_virtual_url":"","footnotes":""},"tags":[],"tribe_events_cat":[],"class_list":["post-3107","tribe_events","type-tribe_events","status-publish","hentry"],"uagb_featured_image_src":{"full":false,"thumbnail":false,"medium":false,"medium_large":false,"large":false,"1536x1536":false,"2048x2048":false,"neve-blog":false},"uagb_author_info":{"display_name":"Helene","author_link":"https:\/\/ugsel-finistere.org\/index.php\/author\/helene\/"},"uagb_comment_info":0,"uagb_excerpt":"Le rallye des enseignants, des chefs d&rsquo;\u00e9tablissements du 1er degr\u00e9 et du 2nd degr\u00e9, des personnels OGEC et membres de la DDEC aura lieu sur le site de Cr\u00e9ach Gwen&hellip;&nbsp;Lire la suite &raquo;Rallye des enseignants","_links":{"self":[{"href":"https:\/\/ugsel-finistere.org\/index.php\/wp-json\/wp\/v2\/tribe_events\/3107","targetHints":{"allow":["GET"]}}],"collection":[{"href":"https:\/\/ugsel-finistere.org\/index.php\/wp-json\/wp\/v2\/tribe_events"}],"about":[{"href":"https:\/\/ugsel-finistere.org\/index.php\/wp-json\/wp\/v2\/types\/tribe_events"}],"author":[{"embeddable":true,"href":"https:\/\/ugsel-finistere.org\/index.php\/wp-json\/wp\/v2\/users\/3"}],"version-history":[{"count":3,"href":"https:\/\/ugsel-finistere.org\/index.php\/wp-json\/wp\/v2\/tribe_events\/3107\/revisions"}],"predecessor-version":[{"id":3414,"href":"https:\/\/ugsel-finistere.org\/index.php\/wp-json\/wp\/v2\/tribe_events\/3107\/revisions\/3414"}],"wp:attachment":[{"href":"https:\/\/ugsel-finistere.org\/index.php\/wp-json\/wp\/v2\/media?parent=3107"}],"wp:term":[{"taxonomy":"post_tag","embeddable":true,"href":"https:\/\/ugsel-finistere.org\/index.php\/wp-json\/wp\/v2\/tags?post=3107"},{"taxonomy":"tribe_events_cat","embeddable":true,"href":"https:\/\/ugsel-finistere.org\/index.php\/wp-json\/wp\/v2\/tribe_events_cat?post=3107"}],"curies":[{"name":"wp","href":"https:\/\/api.w.org\/{rel}","templated":true}]}}

<div  class="tribe-events-schedule tribe-clearfix" >
	<p class="tribe-events-schedule__datetime">
		<span class="tribe-events-schedule__date tribe-events-schedule__date--start">
			27 septembre 2025		</span>

					<span class="tribe-events-schedule__separator tribe-events-schedule__separator--date">
				&#8211;			</span>
			<span class="tribe-events-schedule__time tribe-events-schedule__time--start">
				15h00			</span>
		
									<span class="tribe-events-schedule__separator tribe-events-schedule__separator--time">
					 &#8211; 				</span>
			
							<span class="tribe-events-schedule__time tribe-events-schedule__time--end">
					18h00				</span>
			
						</p>
</div>



<p>Le rallye des enseignants, des chefs d&rsquo;établissements du 1er degré et du 2nd degré, des personnels OGEC et membres de la DDEC aura lieu sur le site de Créach Gwen à Quimper. </p>



<p></p>

<p>Le rallye des enseignants, des chefs d&rsquo;établissements du 1er degré et du 2nd degré, des personnels OGEC et membres de la DDEC aura lieu sur le site de Créach Gwen&hellip;&nbsp;<a href="https://ugsel-finistere.org/index.php/calendrier/rallye-des-enseignants/" rel="bookmark">Lire la suite &raquo;<span class="screen-reader-text">Rallye des enseignants</span></a></p>

Le rallye des enseignants, des chefs d&rsquo;établissements du 1er degré et du 2nd degré, des personnels OGEC et membres de la DDEC aura lieu sur le site de Créach Gwen&hellip;&nbsp;Lire la suite &raquo;Rallye des enseignants
