{"id":3765,"date":"2025-09-26T17:45:26","date_gmt":"2025-09-26T15:45:26","guid":{"rendered":"https:\/\/ugsel-finistere.org\/?post_type=tribe_events&#038;p=3765"},"modified":"2025-12-12T13:36:17","modified_gmt":"2025-12-12T12:36:17","slug":"basket-5x5-cadets-juniors-departemental","status":"publish","type":"tribe_events","link":"https:\/\/ugsel-finistere.org\/index.php\/calendrier\/basket-5x5-cadets-juniors-departemental\/","title":{"rendered":"Basket 5&#215;5 : r\u00e9gional CJ gar\u00e7ons \u00e0 St Brieuc"},"content":{"rendered":"<div  class=\"tribe-events-schedule tribe-clearfix\" >\n\t<p class=\"tribe-events-schedule__datetime\">\n\t\t<span class=\"tribe-events-schedule__date tribe-events-schedule__date--start\">\n\t\t\t4 f\u00e9vrier\t\t<\/span>\n\n\t\t\t\t\t<span class=\"tribe-events-schedule__separator tribe-events-schedule__separator--date\">\n\t\t\t\t&#8211;\t\t\t<\/span>\n\t\t\t<span class=\"tribe-events-schedule__time tribe-events-schedule__time--start\">\n\t\t\t\t8h00\t\t\t<\/span>\n\t\t\n\t\t\t\t\t\t\t\t\t<span class=\"tribe-events-schedule__separator tribe-events-schedule__separator--time\">\n\t\t\t\t\t &#8211; \t\t\t\t<\/span>\n\t\t\t\n\t\t\t\t\t\t\t<span class=\"tribe-events-schedule__time tribe-events-schedule__time--end\">\n\t\t\t\t\t17h00\t\t\t\t<\/span>\n\t\t\t\n\t\t\t\t\t\t<\/p>\n<\/div>\n\n\n\n<p>3 \u00e9quipes du Lik\u00e8s Quimper sont engag\u00e9es dans cette comp\u00e9titions. 2 \u00e9quipes sont qualifi\u00e9es directement au r\u00e9gional pr\u00e9vu le 4 f\u00e9vrier 2026 \u00e0 St Brieuc.<\/p>\n\n\n\n<p><\/p>\n","protected":false},"excerpt":{"rendered":"<p>3 \u00e9quipes du Lik\u00e8s Quimper sont engag\u00e9es dans cette comp\u00e9titions. 2 \u00e9quipes sont qualifi\u00e9es directement au r\u00e9gional pr\u00e9vu le 4 f\u00e9vrier 2026 \u00e0 St Brieuc.<\/p>\n","protected":false},"author":3,"featured_media":0,"template":"","meta":{"_tec_requires_first_save":false,"_uag_custom_page_level_css":"","neve_meta_sidebar":"","neve_meta_container":"","neve_meta_enable_content_width":"","neve_meta_content_width":0,"neve_meta_title_alignment":"","neve_meta_author_avatar":"","neve_post_elements_order":"","neve_meta_disable_header":"","neve_meta_disable_footer":"","neve_meta_disable_title":"","_EventAllDay":false,"_EventTimezone":"Europe\/Paris","_EventStartDate":"2026-02-04 08:00:00","_EventEndDate":"2026-02-04 17:00:00","_EventStartDateUTC":"2026-02-04 07:00:00","_EventEndDateUTC":"2026-02-04 16:00:00","_EventShowMap":false,"_EventShowMapLink":false,"_EventURL":"","_EventCost":"","_EventCostDescription":"","_EventCurrencySymbol":"\u20ac","_EventCurrencyCode":"EUR","_EventCurrencyPosition":"suffix","_EventDateTimeSeparator":"-","_EventTimeRangeSeparator":" - ","_EventOrganizerID":[],"_EventVenueID":[],"_OrganizerEmail":"","_OrganizerPhone":"","_OrganizerWebsite":"","_VenueAddress":"","_VenueCity":"","_VenueCountry":"","_VenueProvince":"","_VenueState":"","_VenueZip":"","_VenuePhone":"","_VenueURL":"","_VenueStateProvince":"","_VenueLat":"","_VenueLng":"","_VenueShowMap":false,"_VenueShowMapLink":false,"_tribe_blocks_recurrence_rules":"","_tribe_blocks_recurrence_description":"","_tribe_blocks_recurrence_exclusions":"","_themeisle_gutenberg_block_has_review":false,"_tribe_events_status":"","_tribe_events_status_reason":"","_tribe_events_is_hybrid":"","_tribe_events_is_virtual":"","_tribe_events_virtual_video_source":"","_tribe_events_virtual_embed_video":"","_tribe_events_virtual_linked_button_text":"","_tribe_events_virtual_linked_button":"","_tribe_events_virtual_show_embed_at":"","_tribe_events_virtual_show_embed_to":[],"_tribe_events_virtual_show_on_event":"","_tribe_events_virtual_show_on_views":"","_tribe_events_virtual_url":"","footnotes":""},"tags":[],"tribe_events_cat":[44],"class_list":["post-3765","tribe_events","type-tribe_events","status-publish","hentry","tribe_events_cat-basket-5x5","cat_basket-5x5"],"uagb_featured_image_src":{"full":false,"thumbnail":false,"medium":false,"medium_large":false,"large":false,"1536x1536":false,"2048x2048":false,"neve-blog":false},"uagb_author_info":{"display_name":"Helene","author_link":"https:\/\/ugsel-finistere.org\/index.php\/author\/helene\/"},"uagb_comment_info":0,"uagb_excerpt":"3 \u00e9quipes du Lik\u00e8s Quimper sont engag\u00e9es dans cette comp\u00e9titions. 2 \u00e9quipes sont qualifi\u00e9es directement au r\u00e9gional pr\u00e9vu le 4 f\u00e9vrier 2026 \u00e0 St Brieuc.","_links":{"self":[{"href":"https:\/\/ugsel-finistere.org\/index.php\/wp-json\/wp\/v2\/tribe_events\/3765","targetHints":{"allow":["GET"]}}],"collection":[{"href":"https:\/\/ugsel-finistere.org\/index.php\/wp-json\/wp\/v2\/tribe_events"}],"about":[{"href":"https:\/\/ugsel-finistere.org\/index.php\/wp-json\/wp\/v2\/types\/tribe_events"}],"author":[{"embeddable":true,"href":"https:\/\/ugsel-finistere.org\/index.php\/wp-json\/wp\/v2\/users\/3"}],"version-history":[{"count":4,"href":"https:\/\/ugsel-finistere.org\/index.php\/wp-json\/wp\/v2\/tribe_events\/3765\/revisions"}],"predecessor-version":[{"id":4940,"href":"https:\/\/ugsel-finistere.org\/index.php\/wp-json\/wp\/v2\/tribe_events\/3765\/revisions\/4940"}],"wp:attachment":[{"href":"https:\/\/ugsel-finistere.org\/index.php\/wp-json\/wp\/v2\/media?parent=3765"}],"wp:term":[{"taxonomy":"post_tag","embeddable":true,"href":"https:\/\/ugsel-finistere.org\/index.php\/wp-json\/wp\/v2\/tags?post=3765"},{"taxonomy":"tribe_events_cat","embeddable":true,"href":"https:\/\/ugsel-finistere.org\/index.php\/wp-json\/wp\/v2\/tribe_events_cat?post=3765"}],"curies":[{"name":"wp","href":"https:\/\/api.w.org\/{rel}","templated":true}]}}

Basket 5&#215;5 : régional CJ garçons à St Brieuc

<div  class="tribe-events-schedule tribe-clearfix" >
	<p class="tribe-events-schedule__datetime">
		<span class="tribe-events-schedule__date tribe-events-schedule__date--start">
			4 février		</span>

					<span class="tribe-events-schedule__separator tribe-events-schedule__separator--date">
				&#8211;			</span>
			<span class="tribe-events-schedule__time tribe-events-schedule__time--start">
				8h00			</span>
		
									<span class="tribe-events-schedule__separator tribe-events-schedule__separator--time">
					 &#8211; 				</span>
			
							<span class="tribe-events-schedule__time tribe-events-schedule__time--end">
					17h00				</span>
			
						</p>
</div>



<p>3 équipes du Likès Quimper sont engagées dans cette compétitions. 2 équipes sont qualifiées directement au régional prévu le 4 février 2026 à St Brieuc.</p>



<p></p>

<p>3 équipes du Likès Quimper sont engagées dans cette compétitions. 2 équipes sont qualifiées directement au régional prévu le 4 février 2026 à St Brieuc.</p>

3 équipes du Likès Quimper sont engagées dans cette compétitions. 2 équipes sont qualifiées directement au régional prévu le 4 février 2026 à St Brieuc.
