{"id":5423,"date":"2026-01-19T10:39:37","date_gmt":"2026-01-19T09:39:37","guid":{"rendered":"https:\/\/ugsel-finistere.org\/?post_type=tribe_events&#038;p=5423"},"modified":"2026-02-06T16:06:17","modified_gmt":"2026-02-06T15:06:17","slug":"athletisme-en-plein-air-district-2-nord-benjamins-minimes-a-st-pol-de-leon","status":"publish","type":"tribe_events","link":"https:\/\/ugsel-finistere.org\/index.php\/calendrier\/athletisme-en-plein-air-district-2-nord-benjamins-minimes-a-st-pol-de-leon\/","title":{"rendered":"Athl\u00e9tisme en plein air : district 2 Nord BM \u00e0 St Pol de L\u00e9on"},"content":{"rendered":"<div  class=\"tribe-events-schedule tribe-clearfix\" >\n\t<p class=\"tribe-events-schedule__datetime\">\n\t\t<span class=\"tribe-events-schedule__date tribe-events-schedule__date--start\">\n\t\t\t29 avril\t\t<\/span>\n\n\t\t\t\t\t<span class=\"tribe-events-schedule__separator tribe-events-schedule__separator--date\">\n\t\t\t\t&#8211;\t\t\t<\/span>\n\t\t\t<span class=\"tribe-events-schedule__time tribe-events-schedule__time--start\">\n\t\t\t\t12h30\t\t\t<\/span>\n\t\t\n\t\t\t\t\t\t\t\t\t<span class=\"tribe-events-schedule__separator tribe-events-schedule__separator--time\">\n\t\t\t\t\t &#8211; \t\t\t\t<\/span>\n\t\t\t\n\t\t\t\t\t\t\t<span class=\"tribe-events-schedule__time tribe-events-schedule__time--end\">\n\t\t\t\t\t16h30\t\t\t\t<\/span>\n\t\t\t\n\t\t\t\t\t\t<\/p>\n<\/div>\n\n\n\n<div id=\"wp-block-themeisle-blocks-button-group-7cff83b9\" class=\"wp-block-themeisle-blocks-button-group wp-block-buttons\">\n<div id=\"wp-block-themeisle-blocks-button-740a83b6\" class=\"wp-block-themeisle-blocks-button wp-block-button\"><a href=\"https:\/\/ecbzh-my.sharepoint.com\/:b:\/g\/personal\/ugsel29_enseignement-catholique_bzh\/IQB4XvNNVDKnToBa4rkqtIvRAX7CeDqZXUod7lsIic0r6sI?e=tAELSt\" target=\"_blank\" rel=\"noopener noreferrer\" class=\"wp-block-button__link\"><span>Circulaire<\/span><\/a><\/div>\n<\/div>\n\n\n\n<p><\/p>\n","protected":false},"excerpt":{"rendered":"","protected":false},"author":3,"featured_media":5830,"template":"","meta":{"_tec_requires_first_save":false,"_uag_custom_page_level_css":"","neve_meta_sidebar":"","neve_meta_container":"","neve_meta_enable_content_width":"","neve_meta_content_width":0,"neve_meta_title_alignment":"","neve_meta_author_avatar":"","neve_post_elements_order":"","neve_meta_disable_header":"","neve_meta_disable_footer":"","neve_meta_disable_title":"","_EventAllDay":false,"_EventTimezone":"Europe\/Paris","_EventStartDate":"2026-04-29 12:30:00","_EventEndDate":"2026-04-29 16:30:00","_EventStartDateUTC":"2026-04-29 10:30:00","_EventEndDateUTC":"2026-04-29 14:30:00","_EventShowMap":false,"_EventShowMapLink":false,"_EventURL":"","_EventCost":"","_EventCostDescription":"","_EventCurrencySymbol":"\u20ac","_EventCurrencyCode":"EUR","_EventCurrencyPosition":"suffix","_EventDateTimeSeparator":"-","_EventTimeRangeSeparator":" - ","_EventOrganizerID":[],"_EventVenueID":[],"_OrganizerEmail":"","_OrganizerPhone":"","_OrganizerWebsite":"","_VenueAddress":"","_VenueCity":"","_VenueCountry":"","_VenueProvince":"","_VenueState":"","_VenueZip":"","_VenuePhone":"","_VenueURL":"","_VenueStateProvince":"","_VenueLat":"","_VenueLng":"","_VenueShowMap":false,"_VenueShowMapLink":false,"_tribe_blocks_recurrence_rules":"","_tribe_blocks_recurrence_description":"","_tribe_blocks_recurrence_exclusions":"","_themeisle_gutenberg_block_has_review":false,"_tribe_events_status":"","_tribe_events_status_reason":"","_tribe_events_is_hybrid":"","_tribe_events_is_virtual":"","_tribe_events_virtual_video_source":"","_tribe_events_virtual_embed_video":"","_tribe_events_virtual_linked_button_text":"","_tribe_events_virtual_linked_button":"","_tribe_events_virtual_show_embed_at":"","_tribe_events_virtual_show_embed_to":[],"_tribe_events_virtual_show_on_event":"","_tribe_events_virtual_show_on_views":"","_tribe_events_virtual_url":"","footnotes":""},"tags":[],"tribe_events_cat":[17],"class_list":["post-5423","tribe_events","type-tribe_events","status-publish","has-post-thumbnail","hentry","tribe_events_cat-athletisme-de-plein-air","cat_athletisme-de-plein-air"],"uagb_featured_image_src":{"full":["https:\/\/ugsel-finistere.org\/wp-content\/uploads\/2026\/02\/pexels-photo-618612-618612-e1770390288979.jpg",1200,366,false],"thumbnail":["https:\/\/ugsel-finistere.org\/wp-content\/uploads\/2026\/02\/pexels-photo-618612-618612-e1770390288979-150x150.jpg",150,150,true],"medium":["https:\/\/ugsel-finistere.org\/wp-content\/uploads\/2026\/02\/pexels-photo-618612-618612-e1770390288979-300x92.jpg",300,92,true],"medium_large":["https:\/\/ugsel-finistere.org\/wp-content\/uploads\/2026\/02\/pexels-photo-618612-618612-e1770390288979-768x234.jpg",768,234,true],"large":["https:\/\/ugsel-finistere.org\/wp-content\/uploads\/2026\/02\/pexels-photo-618612-618612-e1770390288979-1024x312.jpg",1024,312,true],"1536x1536":["https:\/\/ugsel-finistere.org\/wp-content\/uploads\/2026\/02\/pexels-photo-618612-618612-e1770390288979.jpg",1200,366,false],"2048x2048":["https:\/\/ugsel-finistere.org\/wp-content\/uploads\/2026\/02\/pexels-photo-618612-618612-e1770390288979.jpg",1200,366,false],"neve-blog":["https:\/\/ugsel-finistere.org\/wp-content\/uploads\/2026\/02\/pexels-photo-618612-618612-e1770390288979-930x366.jpg",930,366,true]},"uagb_author_info":{"display_name":"Helene","author_link":"https:\/\/ugsel-finistere.org\/index.php\/author\/helene\/"},"uagb_comment_info":0,"uagb_excerpt":null,"_links":{"self":[{"href":"https:\/\/ugsel-finistere.org\/index.php\/wp-json\/wp\/v2\/tribe_events\/5423","targetHints":{"allow":["GET"]}}],"collection":[{"href":"https:\/\/ugsel-finistere.org\/index.php\/wp-json\/wp\/v2\/tribe_events"}],"about":[{"href":"https:\/\/ugsel-finistere.org\/index.php\/wp-json\/wp\/v2\/types\/tribe_events"}],"author":[{"embeddable":true,"href":"https:\/\/ugsel-finistere.org\/index.php\/wp-json\/wp\/v2\/users\/3"}],"version-history":[{"count":3,"href":"https:\/\/ugsel-finistere.org\/index.php\/wp-json\/wp\/v2\/tribe_events\/5423\/revisions"}],"predecessor-version":[{"id":5823,"href":"https:\/\/ugsel-finistere.org\/index.php\/wp-json\/wp\/v2\/tribe_events\/5423\/revisions\/5823"}],"wp:featuredmedia":[{"embeddable":true,"href":"https:\/\/ugsel-finistere.org\/index.php\/wp-json\/wp\/v2\/media\/5830"}],"wp:attachment":[{"href":"https:\/\/ugsel-finistere.org\/index.php\/wp-json\/wp\/v2\/media?parent=5423"}],"wp:term":[{"taxonomy":"post_tag","embeddable":true,"href":"https:\/\/ugsel-finistere.org\/index.php\/wp-json\/wp\/v2\/tags?post=5423"},{"taxonomy":"tribe_events_cat","embeddable":true,"href":"https:\/\/ugsel-finistere.org\/index.php\/wp-json\/wp\/v2\/tribe_events_cat?post=5423"}],"curies":[{"name":"wp","href":"https:\/\/api.w.org\/{rel}","templated":true}]}}

Athlétisme en plein air : district 2 Nord BM à St Pol de Léon
